Last updated on 2023-02-02 00:55:03 CET.
Flavor | Version | Tinstall | Tcheck | Ttotal | Status | Flags |
---|---|---|---|---|---|---|
r-devel-linux-x86_64-debian-clang | 1.0.0 | 45.10 | 32.18 | 77.28 | OK | |
r-devel-linux-x86_64-debian-gcc | 1.0.0 | 33.67 | 25.21 | 58.88 | OK | |
r-devel-linux-x86_64-fedora-clang | 1.0.0 | 108.12 | OK | |||
r-devel-linux-x86_64-fedora-gcc | 1.0.0 | 96.64 | OK | |||
r-patched-linux-x86_64 | 1.0.0 | 33.03 | 32.56 | 65.59 | OK | |
r-release-linux-x86_64 | 1.0.0 | 34.07 | 32.05 | 66.12 | OK | |
r-release-macos-arm64 | 1.0.0 | 32.00 | NOTE | |||
r-release-macos-x86_64 | 1.0.0 | 41.00 | NOTE | |||
r-release-windows-x86_64 | 1.0.0 | 56.00 | 87.00 | 143.00 | OK | |
r-oldrel-macos-arm64 | 1.0.0 | 39.00 | NOTE | |||
r-oldrel-macos-x86_64 | 1.0.0 | 57.00 | NOTE | |||
r-oldrel-windows-ix86+x86_64 | 1.0.0 | 104.00 | 84.00 | 188.00 | OK |
Version: 1.0.0
Check: installed package size
Result: NOTE
installed size is 5.8Mb
sub-directories of 1Mb or more:
libs 5.7Mb
Flavors: r-release-macos-arm64, r-release-macos-x86_64, r-oldrel-macos-arm64, r-oldrel-macos-x86_64