CRAN Package Check Results for Package webfakes

Last updated on 2021-06-22 01:49:37 CEST.

Flavor Version Tinstall Tcheck Ttotal Status Flags
r-devel-linux-x86_64-debian-clang 1.1.3 11.50 53.81 65.31 OK
r-devel-linux-x86_64-debian-gcc 1.1.3 7.74 42.65 50.39 OK
r-devel-linux-x86_64-fedora-clang 1.1.3 88.36 OK
r-devel-linux-x86_64-fedora-gcc 1.1.3 76.37 OK
r-devel-windows-x86_64 1.1.3 20.00 80.00 100.00 OK
r-devel-windows-x86_64-gcc10-UCRT 1.1.3 ERROR
r-patched-linux-x86_64 1.1.3 9.32 51.81 61.13 OK
r-patched-solaris-x86 1.1.3 109.90 OK
r-release-linux-x86_64 1.1.3 8.51 52.70 61.21 OK
r-release-macos-arm64 1.1.3 OK
r-release-macos-x86_64 1.1.3 OK
r-release-windows-ix86+x86_64 1.1.3 32.00 96.00 128.00 OK
r-oldrel-macos-x86_64 1.1.3 OK

Check Details

Version: 1.1.3
Check: package dependencies
Result: NOTE
    Packages suggested but not available for checking: 'curl', 'httr'
Flavor: r-devel-windows-x86_64-gcc10-UCRT

Version: 1.1.3
Check: Rd cross-references
Result: NOTE
    Package unavailable to check Rd xrefs: 'httr'
Flavor: r-devel-windows-x86_64-gcc10-UCRT

Version: 1.1.3
Check: examples
Result: ERROR
    Running examples in 'webfakes-Ex.R' failed
    The error most likely occurred in:
    
    > ### Name: httpbin_app
    > ### Title: Generic web app for testing HTTP clients
    > ### Aliases: httpbin_app
    >
    > ### ** Examples
    >
    > app <- httpbin_app()
    > proc <- new_app_process(app)
    > url <- proc$url("/get")
    > resp <- curl::curl_fetch_memory(url)
    Error in loadNamespace(x) : there is no package called 'curl'
    Calls: loadNamespace -> withRestarts -> withOneRestart -> doWithOneRestart
    Execution halted
Flavor: r-devel-windows-x86_64-gcc10-UCRT

Version: 1.1.3
Check: tests
Result: ERROR
     Running 'testthat.R'
    Running the tests in 'tests/testthat.R' failed.
    Last 13 lines of output:
     2. \-base::withRestarts(stop(cond), retry_loadNamespace = function() NULL)
     3. \-base:::withOneRestart(expr, restarts[[1L]])
     4. \-base:::doWithOneRestart(return(expr), restart)
     -- Error (test-tmpl-glue.R:16:3): glue templating ------------------------------
     Error: there is no package called 'curl'
     Backtrace:
     x
     1. \-base::loadNamespace(x) test-tmpl-glue.R:16:2
     2. \-base::withRestarts(stop(cond), retry_loadNamespace = function() NULL)
     3. \-base:::withOneRestart(expr, restarts[[1L]])
     4. \-base:::doWithOneRestart(return(expr), restart)
    
     [ FAIL 58 | WARN 0 | SKIP 2 | PASS 84 ]
     Error: Test failures
     Execution halted
Flavor: r-devel-windows-x86_64-gcc10-UCRT