Last updated on 2023-03-23 06:52:39 CET.
Flavor | Version | Tinstall | Tcheck | Ttotal | Status | Flags |
---|---|---|---|---|---|---|
r-devel-linux-x86_64-debian-clang | 0.1.5 | 13.47 | 144.26 | 157.73 | NOTE | |
r-devel-linux-x86_64-debian-gcc | 0.1.5 | 11.30 | 106.54 | 117.84 | NOTE | |
r-devel-linux-x86_64-fedora-clang | 0.1.5 | 198.48 | NOTE | |||
r-devel-linux-x86_64-fedora-gcc | 0.1.5 | 195.01 | NOTE | |||
r-patched-linux-x86_64 | 0.1.5 | 11.75 | 143.02 | 154.77 | NOTE | |
r-release-linux-x86_64 | 0.1.5 | 12.39 | 144.60 | 156.99 | NOTE | |
r-release-macos-arm64 | 0.1.5 | 52.00 | NOTE | |||
r-release-macos-x86_64 | 0.1.5 | 87.00 | NOTE | |||
r-release-windows-x86_64 | 0.1.5 | 29.00 | 196.00 | 225.00 | NOTE | |
r-oldrel-macos-arm64 | 0.1.5 | 64.00 | NOTE | |||
r-oldrel-macos-x86_64 | 0.1.5 | 102.00 | NOTE | |||
r-oldrel-windows-ix86+x86_64 | 0.1.5 | 36.00 | 177.00 | 213.00 | NOTE |
Version: 0.1.5
Check: LazyData
Result: NOTE
'LazyData' is specified without a 'data' directory
Flavors: r-devel-linux-x86_64-debian-clang, r-devel-linux-x86_64-debian-gcc, r-devel-linux-x86_64-fedora-clang, r-devel-linux-x86_64-fedora-gcc, r-patched-linux-x86_64, r-release-linux-x86_64, r-release-macos-arm64, r-release-macos-x86_64, r-release-windows-x86_64, r-oldrel-macos-arm64, r-oldrel-macos-x86_64, r-oldrel-windows-ix86+x86_64
Version: 0.1.5
Check: dependencies in R code
Result: NOTE
Namespaces in Imports field not imported from:
‘shiny’ ‘tidyselect’
All declared Imports should be used.
Flavors: r-devel-linux-x86_64-fedora-clang, r-devel-linux-x86_64-fedora-gcc, r-release-macos-arm64, r-release-macos-x86_64, r-oldrel-macos-arm64, r-oldrel-macos-x86_64
Version: 0.1.5
Check: R code for possible problems
Result: NOTE
Initiating curl with CURL_SSL_BACKEND: openssl
Flavor: r-oldrel-windows-ix86+x86_64