CRAN Package Check Results for Package websocket

Last updated on 2020-08-11 01:54:54 CEST.

Flavor Version Tinstall Tcheck Ttotal Status Flags
r-devel-linux-x86_64-debian-clang 1.3.1 102.14 31.52 133.66 NOTE
r-devel-linux-x86_64-debian-gcc 1.3.1 90.96 24.65 115.61 ERROR
r-devel-linux-x86_64-fedora-clang 1.3.1 201.86 NOTE
r-devel-linux-x86_64-fedora-gcc 1.3.1 190.25 NOTE
r-devel-windows-ix86+x86_64 1.3.1 461.00 142.00 603.00 NOTE
r-patched-linux-x86_64 1.3.1 97.62 30.83 128.45 NOTE
r-patched-solaris-x86 1.3.1 162.80 ERROR
r-release-linux-x86_64 1.3.1 92.41 30.80 123.21 NOTE
r-release-macos-x86_64 1.3.1 NOTE
r-release-windows-ix86+x86_64 1.3.1 477.00 112.00 589.00 NOTE
r-oldrel-macos-x86_64 1.3.1 NOTE
r-oldrel-windows-ix86+x86_64 1.3.1 334.00 126.00 460.00 NOTE

Check Details

Version: 1.3.1
Check: for GNU extensions in Makefiles
Result: NOTE
    GNU make is a SystemRequirements.
Flavors: r-devel-linux-x86_64-debian-clang, r-devel-linux-x86_64-debian-gcc, r-devel-linux-x86_64-fedora-clang, r-devel-linux-x86_64-fedora-gcc, r-devel-windows-ix86+x86_64, r-patched-linux-x86_64, r-patched-solaris-x86, r-release-linux-x86_64, r-release-macos-x86_64, r-release-windows-ix86+x86_64, r-oldrel-macos-x86_64, r-oldrel-windows-ix86+x86_64

Version: 1.3.1
Check: tests
Result: ERROR
     Running ‘testthat.R’ [2s/11s]
    Running the tests in ‘tests/testthat.R’ failed.
    Complete output:
     > library(testthat)
     > library(websocket)
     >
     > test_check("websocket")
     [2020-08-11 01:04:20] [error] consume error: websocketpp.processor:4 (A message was too large)
     [2020-08-11 01:04:21] [error] Server handshake response error: websocketpp.processor:20 (Invalid HTTP status.)
     [2020-08-11 01:04:22] [error] Server handshake response error: websocketpp.processor:20 (Invalid HTTP status.)
     ── 1. Failure: WebSocket persists after reference is gone, and can be GC'd after
     `finalized` isn't true.
    
     ══ testthat results ═══════════════════════════════════════════════════════════
     [ OK: 38 | SKIPPED: 0 | WARNINGS: 0 | FAILED: 1 ]
     1. Failure: WebSocket persists after reference is gone, and can be GC'd after connection is closed (@test-client.R#439)
    
     Error: testthat unit tests failed
     Execution halted
Flavor: r-devel-linux-x86_64-debian-gcc

Version: 1.3.1
Check: installed package size
Result: NOTE
     installed size is 21.1Mb
     sub-directories of 1Mb or more:
     libs 20.8Mb
Flavors: r-devel-linux-x86_64-fedora-clang, r-devel-windows-ix86+x86_64, r-release-macos-x86_64, r-release-windows-ix86+x86_64, r-oldrel-macos-x86_64, r-oldrel-windows-ix86+x86_64

Version: 1.3.1
Check: tests
Result: ERROR
     Running ‘testthat.R’ [5s/26s]
    Running the tests in ‘tests/testthat.R’ failed.
    Complete output:
     > library(testthat)
     > library(websocket)
     >
     > test_check("websocket")
     [2020-07-27 22:44:57] [error] consume error: websocketpp.processor:4 (A message was too large)
     [2020-07-27 22:45:03] [info] Error getting remote endpoint: asio.system:9 (Bad file number)
     [2020-07-27 22:45:03] [info] asio async_shutdown error: asio.system:9 (Bad file number)
     [2020-07-27 22:45:03] [error] handle_connect error: Timer Expired
     [2020-07-27 22:45:10] [error] Server handshake response error: websocketpp.processor:20 (Invalid HTTP status.)
     [2020-07-27 22:45:19] [info] Error getting remote endpoint: asio.system:9 (Bad file number)
     [2020-07-27 22:45:19] [error] handle_connect error: Timer Expired
     [2020-07-27 22:45:19] [info] asio async_shutdown error: asio.ssl:336462100 (uninitialized)
     ── 1. Failure: Basic ssl websocket communication (@test-client.R#446) ─────────
     ws$readyState() not equivalent to 1L.
     1/1 mismatches
     [1] 3 - 1 == 2
    
     ── 2. Failure: Basic ssl websocket communication (@test-client.R#446) ─────────
     `state` not identical to "open".
     1/1 mismatches
     x[1]: "failed"
     y[1]: "open"
    
     ── 3. Error: Basic ssl websocket communication (@test-client.R#446) ───────────
     invalid state
     Backtrace:
     1. websocket:::check_ws("wss://echo.websocket.org/")
     2. ws$send("hello")
     3. websocket:::wsSend(private$wsObj, msg)
    
     ══ testthat results ═══════════════════════════════════════════════════════════
     [ OK: 32 | SKIPPED: 0 | WARNINGS: 0 | FAILED: 3 ]
     1. Failure: Basic ssl websocket communication (@test-client.R#446)
     2. Failure: Basic ssl websocket communication (@test-client.R#446)
     3. Error: Basic ssl websocket communication (@test-client.R#446)
    
     Error: testthat unit tests failed
     Execution halted
Flavor: r-patched-solaris-x86