Last updated on 2022-08-13 02:51:45 CEST.
Flavor | Version | Tinstall | Tcheck | Ttotal | Status | Flags |
---|---|---|---|---|---|---|
r-devel-linux-x86_64-debian-clang | 1.4.1 | 87.66 | 37.96 | 125.62 | NOTE | |
r-devel-linux-x86_64-debian-gcc | 1.4.1 | 73.68 | 29.27 | 102.95 | NOTE | |
r-devel-linux-x86_64-fedora-clang | 1.4.1 | 184.99 | NOTE | |||
r-devel-linux-x86_64-fedora-gcc | 1.4.1 | 181.97 | NOTE | |||
r-devel-windows-x86_64 | 1.4.1 | 241.00 | 127.00 | 368.00 | NOTE | |
r-patched-linux-x86_64 | 1.4.1 | 80.15 | 37.40 | 117.55 | NOTE | |
r-release-linux-x86_64 | 1.4.1 | 85.57 | 37.14 | 122.71 | NOTE | |
r-release-macos-arm64 | 1.4.1 | 57.00 | NOTE | |||
r-release-macos-x86_64 | 1.4.1 | 80.00 | NOTE | |||
r-release-windows-x86_64 | 1.4.1 | 232.00 | 133.00 | 365.00 | NOTE | |
r-oldrel-macos-arm64 | 1.4.1 | 66.00 | NOTE | |||
r-oldrel-macos-x86_64 | 1.4.1 | 75.00 | NOTE | |||
r-oldrel-windows-ix86+x86_64 | 1.4.1 | 388.00 | 133.00 | 521.00 | NOTE |
Version: 1.4.1
Check: for GNU extensions in Makefiles
Result: NOTE
GNU make is a SystemRequirements.
Flavors: r-devel-linux-x86_64-debian-clang, r-devel-linux-x86_64-debian-gcc, r-devel-linux-x86_64-fedora-clang, r-devel-linux-x86_64-fedora-gcc, r-devel-windows-x86_64, r-patched-linux-x86_64, r-release-linux-x86_64, r-release-macos-arm64, r-release-macos-x86_64, r-release-windows-x86_64, r-oldrel-macos-arm64, r-oldrel-macos-x86_64, r-oldrel-windows-ix86+x86_64
Version: 1.4.1
Check: installed package size
Result: NOTE
installed size is 16.0Mb
sub-directories of 1Mb or more:
libs 15.8Mb
Flavors: r-devel-linux-x86_64-fedora-clang, r-devel-windows-x86_64, r-release-macos-arm64, r-release-macos-x86_64, r-release-windows-x86_64, r-oldrel-macos-arm64, r-oldrel-macos-x86_64, r-oldrel-windows-ix86+x86_64