Last updated on 2023-09-27 08:02:50 CEST.
Flavor | Version | Tinstall | Tcheck | Ttotal | Status | Flags |
---|---|---|---|---|---|---|
r-devel-linux-x86_64-debian-clang | 0.5 | 7.85 | 56.94 | 64.79 | OK | |
r-devel-linux-x86_64-debian-gcc | 0.5 | 6.76 | 45.31 | 52.07 | OK | |
r-devel-linux-x86_64-fedora-clang | 0.5 | 86.98 | NOTE | |||
r-devel-linux-x86_64-fedora-gcc | 0.5 | 83.90 | NOTE | |||
r-devel-windows-x86_64 | 0.5 | 11.00 | 67.00 | 78.00 | OK | |
r-patched-linux-x86_64 | 0.5 | 8.16 | 57.80 | 65.96 | OK | |
r-release-linux-x86_64 | 0.5 | 7.90 | 58.61 | 66.51 | OK | |
r-release-macos-arm64 | 0.5 | 32.00 | OK | |||
r-release-macos-x86_64 | 0.5 | 42.00 | OK | |||
r-release-windows-x86_64 | 0.5 | 14.00 | 75.00 | 89.00 | OK | |
r-oldrel-macos-arm64 | 0.5 | 33.00 | OK | |||
r-oldrel-macos-x86_64 | 0.5 | 40.00 | OK | |||
r-oldrel-windows-x86_64 | 0.5 | 14.00 | 76.00 | 90.00 | OK |
Version: 0.5
Check: compiled code
Result: NOTE
File ‘weightedCL/libs/weightedCL.so’:
Found no calls to: ‘R_registerRoutines’, ‘R_useDynamicSymbols’
It is good practice to register native routines and to disable symbol
search.
See ‘Writing portable packages’ in the ‘Writing R Extensions’ manual.
Flavors: r-devel-linux-x86_64-fedora-clang, r-devel-linux-x86_64-fedora-gcc