CRAN Package Check Results for Package wiad

Last updated on 2021-08-03 01:50:55 CEST.

Flavor Version Tinstall Tcheck Ttotal Status Flags
r-devel-linux-x86_64-debian-clang 0.0.1.0 5.53 55.89 61.42 NOTE
r-devel-linux-x86_64-debian-gcc 0.0.1.0 4.53 42.23 46.76 NOTE
r-devel-linux-x86_64-fedora-clang 0.0.1.0 79.75 NOTE
r-devel-linux-x86_64-fedora-gcc 0.0.1.0 68.38 NOTE
r-devel-windows-x86_64 0.0.1.0 7.00 76.00 83.00 NOTE
r-devel-windows-x86_64-gcc10-UCRT 0.0.1.0 NOTE
r-patched-linux-x86_64 0.0.1.0 NOTE
r-patched-solaris-x86 0.0.1.0 103.80 NOTE
r-release-linux-x86_64 0.0.1.0 5.79 51.58 57.37 NOTE
r-release-macos-arm64 0.0.1.0 NOTE
r-release-macos-x86_64 0.0.1.0 NOTE
r-release-windows-ix86+x86_64 0.0.1.0 15.00 58.00 73.00 NOTE
r-oldrel-macos-x86_64 0.0.1.0 OK
r-oldrel-windows-ix86+x86_64 0.0.1.0 11.00 73.00 84.00 OK

Check Details

Version: 0.0.1.0
Check: LazyData
Result: NOTE
     'LazyData' is specified without a 'data' directory
Flavors: r-devel-linux-x86_64-debian-clang, r-devel-linux-x86_64-debian-gcc, r-devel-linux-x86_64-fedora-clang, r-devel-linux-x86_64-fedora-gcc, r-devel-windows-x86_64, r-devel-windows-x86_64-gcc10-UCRT, r-patched-linux-x86_64, r-patched-solaris-x86, r-release-linux-x86_64, r-release-macos-arm64, r-release-macos-x86_64, r-release-windows-ix86+x86_64