CRAN Package Check Results for Package wikilake

Last updated on 2021-06-22 01:49:37 CEST.

Flavor Version Tinstall Tcheck Ttotal Status Flags
r-devel-linux-x86_64-debian-clang 0.5.0 6.36 68.06 74.42 OK
r-devel-linux-x86_64-debian-gcc 0.5.0 5.25 51.95 57.20 OK
r-devel-linux-x86_64-fedora-clang 0.5.0 96.63 OK
r-devel-linux-x86_64-fedora-gcc 0.5.0 86.01 OK
r-devel-windows-x86_64 0.5.0 12.00 88.00 100.00 OK
r-devel-windows-x86_64-gcc10-UCRT 0.5.0 ERROR
r-patched-linux-x86_64 0.5.0 5.88 62.72 68.60 OK
r-patched-solaris-x86 0.5.0 126.80 OK
r-release-linux-x86_64 0.5.0 5.28 64.42 69.70 OK
r-release-macos-arm64 0.5.0 OK
r-release-macos-x86_64 0.5.0 OK
r-release-windows-ix86+x86_64 0.5.0 16.00 87.00 103.00 OK
r-oldrel-macos-x86_64 0.5.0 OK

Check Details

Version: 0.5.0
Check: package dependencies
Result: ERROR
    Packages required but not available: 'rvest', 'WikipediR'
    
    See section 'The DESCRIPTION file' in the 'Writing R Extensions'
    manual.
Flavor: r-devel-windows-x86_64-gcc10-UCRT