CRAN Package Check Results for Package wikilake

Last updated on 2020-07-03 01:49:17 CEST.

Flavor Version Tinstall Tcheck Ttotal Status Flags
r-devel-linux-x86_64-debian-clang 0.4 4.28 42.01 46.29 OK
r-devel-linux-x86_64-debian-gcc 0.4 3.74 33.02 36.76 OK
r-devel-linux-x86_64-fedora-clang 0.4 65.36 NOTE
r-devel-linux-x86_64-fedora-gcc 0.4 57.82 NOTE
r-devel-windows-ix86+x86_64 0.4 21.00 56.00 77.00 OK
r-patched-linux-x86_64 0.4 3.65 41.39 45.04 OK
r-patched-solaris-x86 0.4 85.60 NOTE
r-release-linux-x86_64 0.4 3.96 41.79 45.75 OK
r-release-osx-x86_64 0.4 NOTE
r-release-windows-ix86+x86_64 0.4 13.00 59.00 72.00 OK
r-oldrel-osx-x86_64 0.4 NOTE
r-oldrel-windows-ix86+x86_64 0.4 14.00 75.00 89.00 OK

Check Details

Version: 0.4
Check: data for non-ASCII characters
Result: NOTE
     Note: found 2 marked UTF-8 strings
Flavors: r-devel-linux-x86_64-fedora-clang, r-devel-linux-x86_64-fedora-gcc, r-patched-solaris-x86, r-release-osx-x86_64, r-oldrel-osx-x86_64