CRAN Package Check Results for Package wikitaxa

Last updated on 2021-09-22 01:49:19 CEST.

Flavor Version Tinstall Tcheck Ttotal Status Flags
r-devel-linux-x86_64-debian-clang 0.4.0 3.36 33.13 36.49 OK
r-devel-linux-x86_64-debian-gcc 0.4.0 2.63 25.54 28.17 OK
r-devel-linux-x86_64-fedora-clang 0.4.0 51.24 NOTE
r-devel-linux-x86_64-fedora-gcc 0.4.0 41.06 OK
r-devel-windows-x86_64 0.4.0 4.00 42.00 46.00 OK
r-devel-windows-x86_64-gcc10-UCRT 0.4.0 ERROR
r-patched-linux-x86_64 0.4.0 3.40 31.13 34.53 OK
r-patched-solaris-x86 0.4.0 61.80 OK
r-release-linux-x86_64 0.4.0 2.92 31.16 34.08 OK
r-release-macos-arm64 0.4.0 OK
r-release-macos-x86_64 0.4.0 OK
r-release-windows-ix86+x86_64 0.4.0 7.00 37.00 44.00 OK
r-oldrel-macos-x86_64 0.4.0 OK
r-oldrel-windows-ix86+x86_64 0.4.0 8.00 40.00 48.00 OK

Check Details

Version: 0.4.0
Check: Rd cross-references
Result: NOTE
    Undeclared package ‘httr’ in Rd xrefs
Flavor: r-devel-linux-x86_64-fedora-clang

Version: 0.4.0
Check: whether package can be installed
Result: WARN
    Found the following significant warnings:
     WARNING: installation-time patches will not be applied, could not get the patches index
Flavor: r-devel-windows-x86_64-gcc10-UCRT

Version: 0.4.0
Check: PDF version of manual
Result: WARN
    LaTeX errors when creating PDF version.
    This typically indicates Rd problems.
Flavor: r-devel-windows-x86_64-gcc10-UCRT

Version: 0.4.0
Check: PDF version of manual without hyperrefs or index
Result: ERROR
    Re-running with no redirection of stdout/stderr.
Flavor: r-devel-windows-x86_64-gcc10-UCRT