CRAN Package Check Results for Package wikitaxa

Last updated on 2024-06-13 06:58:23 CEST.

Flavor Version Tinstall Tcheck Ttotal Status Flags
r-devel-linux-x86_64-debian-clang 0.4.0 2.26 36.36 38.62 OK
r-devel-linux-x86_64-debian-gcc 0.4.0 0.50 1.73 2.23 ERROR
r-devel-linux-x86_64-fedora-clang 0.4.0 50.20 NOTE
r-devel-linux-x86_64-fedora-gcc 0.4.0 62.98 OK
r-devel-windows-x86_64 0.4.0 4.00 52.00 56.00 OK
r-patched-linux-x86_64 0.4.0 2.29 35.44 37.73 OK
r-release-linux-x86_64 0.4.0 2.25 35.09 37.34 OK
r-release-macos-arm64 0.4.0 26.00 OK
r-release-macos-x86_64 0.4.0 37.00 OK
r-release-windows-x86_64 0.4.0 6.00 52.00 58.00 OK
r-oldrel-macos-arm64 0.4.0 28.00 OK
r-oldrel-macos-x86_64 0.4.0 35.00 OK
r-oldrel-windows-x86_64 0.4.0 4.00 55.00 59.00 OK

Check Details

Version: 0.4.0
Check: package dependencies
Result: ERROR Packages required but not available: 'WikidataR', 'tibble' Package suggested but not available for checking: ‘testthat’ See section ‘The DESCRIPTION file’ in the ‘Writing R Extensions’ manual. Flavor: r-devel-linux-x86_64-debian-gcc

Version: 0.4.0
Check: Rd cross-references
Result: NOTE Undeclared package ‘httr’ in Rd xrefs Flavor: r-devel-linux-x86_64-fedora-clang