CRAN Package Check Results for Package wilson

Last updated on 2022-01-19 01:47:52 CET.

Flavor Version Tinstall Tcheck Ttotal Status Flags
r-devel-linux-x86_64-debian-clang 2.4.2 9.87 102.57 112.44 OK
r-devel-linux-x86_64-debian-gcc 2.4.2 9.11 78.93 88.04 OK
r-devel-linux-x86_64-fedora-clang 2.4.2 148.31 NOTE
r-devel-linux-x86_64-fedora-gcc 2.4.2 124.46 OK
r-devel-windows-x86_64-new-UL 2.4.2 54.00 135.00 189.00 OK
r-devel-windows-x86_64-new-TK 2.4.2 ERROR
r-patched-linux-x86_64 2.4.2 11.14 98.94 110.08 OK
r-release-linux-x86_64 2.4.2 OK
r-release-macos-arm64 2.4.2 OK
r-release-macos-x86_64 2.4.2 OK
r-release-windows-ix86+x86_64 2.4.2 23.00 117.00 140.00 OK
r-oldrel-macos-x86_64 2.4.2 OK
r-oldrel-windows-ix86+x86_64 2.4.2 23.00 118.00 141.00 OK

Check Details

Version: 2.4.2
Check: package dependencies
Result: NOTE
    Imports includes 31 non-default packages.
    Importing from so many packages makes the package vulnerable to any of
    them becoming unavailable. Move as many as possible to Suggests and
    use conditionally.
Flavor: r-devel-linux-x86_64-fedora-clang

Version: 2.4.2
Check: package dependencies
Result: ERROR
    Packages required but not available: 'FactoMineR', 'factoextra'
    
    See section 'The DESCRIPTION file' in the 'Writing R Extensions'
    manual.
Flavor: r-devel-windows-x86_64-new-TK