CRAN Package Check Results for Package windAC

Last updated on 2020-03-30 02:48:49 CEST.

Flavor Version Tinstall Tcheck Ttotal Status Flags
r-devel-linux-x86_64-debian-clang 1.2.1 OK
r-devel-linux-x86_64-debian-gcc 1.2.1 4.94 40.48 45.42 OK
r-devel-linux-x86_64-fedora-clang 1.2.1 71.14 OK
r-devel-linux-x86_64-fedora-gcc 1.2.1 70.10 OK
r-devel-windows-ix86+x86_64 1.2.1 12.00 63.00 75.00 OK
r-devel-windows-ix86+x86_64-gcc8 1.2.1 11.00 62.00 73.00 OK
r-patched-linux-x86_64 1.2.1 5.36 50.77 56.13 OK
r-patched-solaris-x86 1.2.1 107.50 OK
r-release-linux-x86_64 1.2.1 4.75 46.89 51.64 OK
r-release-windows-ix86+x86_64 1.2.1 20.00 89.00 109.00 OK
r-release-osx-x86_64 1.2.1 OK
r-oldrel-osx-x86_64 1.2.1 ERROR

Check Details

Version: 1.2.1
Check: whether package can be installed
Result: ERROR
    Installation failed.
Flavor: r-oldrel-osx-x86_64