CRAN Package Check Results for Package wiqid

Last updated on 2021-12-03 00:49:01 CET.

Flavor Version Tinstall Tcheck Ttotal Status Flags
r-devel-linux-x86_64-debian-clang 0.3.0 10.15 97.55 107.70 OK
r-devel-linux-x86_64-debian-gcc 0.3.0 7.18 70.09 77.27 OK
r-devel-linux-x86_64-fedora-clang 0.3.0 146.54 OK
r-devel-linux-x86_64-fedora-gcc 0.3.0 128.36 OK
r-devel-windows-x86_64-new-UL 0.3.0 23.00 134.00 157.00 OK
r-devel-windows-x86_64-new-TK 0.3.0 OK
r-devel-windows-x86_64-old 0.3.0 16.00 96.00 112.00 OK
r-patched-linux-x86_64 0.3.0 13.31 91.81 105.12 OK
r-patched-solaris-x86 0.3.0 165.50 OK
r-release-linux-x86_64 0.3.0 11.41 92.50 103.91 OK
r-release-macos-arm64 0.3.0 NOTE
r-release-macos-x86_64 0.3.0 OK
r-release-windows-ix86+x86_64 0.3.0 17.00 120.00 137.00 OK
r-oldrel-macos-x86_64 0.3.0 OK
r-oldrel-windows-ix86+x86_64 0.3.0 17.00 127.00 144.00 OK

Check Details

Version: 0.3.0
Check: package dependencies
Result: NOTE
    Package suggested but not available for checking: ‘rjags’
Flavor: r-release-macos-arm64