CRAN Package Check Results for Package wiseR

Last updated on 2020-02-22 00:55:02 CET.

Flavor Version Tinstall Tcheck Ttotal Status Flags
r-devel-linux-x86_64-debian-clang 1.0.1 2.95 18.79 21.74 OK
r-devel-linux-x86_64-debian-gcc 1.0.1 2.32 14.81 17.13 OK
r-devel-linux-x86_64-fedora-clang 1.0.1 26.55 NOTE
r-devel-linux-x86_64-fedora-gcc 1.0.1 25.42 NOTE
r-devel-windows-ix86+x86_64 1.0.1 8.00 35.00 43.00 NOTE
r-devel-windows-ix86+x86_64-gcc8 1.0.1 16.00 31.00 47.00 NOTE
r-patched-linux-x86_64 1.0.1 OK
r-patched-solaris-x86 1.0.1 38.50 NOTE
r-release-linux-x86_64 1.0.1 2.28 17.97 20.25 OK
r-release-windows-ix86+x86_64 1.0.1 8.00 34.00 42.00 NOTE
r-release-osx-x86_64 1.0.1 NOTE
r-oldrel-windows-ix86+x86_64 1.0.1 4.00 31.00 35.00 NOTE
r-oldrel-osx-x86_64 1.0.1 NOTE

Check Details

Version: 1.0.1
Check: package dependencies
Result: NOTE
    Imports includes 22 non-default packages.
    Importing from so many packages makes the package vulnerable to any of
    them becoming unavailable. Move as many as possible to Suggests and
    use conditionally.
Flavor: r-devel-linux-x86_64-fedora-clang

Version: 1.0.1
Check: installed package size
Result: NOTE
     installed size is 7.2Mb
     sub-directories of 1Mb or more:
     bn 7.1Mb
Flavors: r-devel-linux-x86_64-fedora-clang, r-devel-windows-ix86+x86_64, r-devel-windows-ix86+x86_64-gcc8, r-patched-solaris-x86, r-release-windows-ix86+x86_64, r-release-osx-x86_64, r-oldrel-windows-ix86+x86_64, r-oldrel-osx-x86_64

Version: 1.0.1
Check: dependencies in R code
Result: NOTE
    Namespaces in Imports field not imported from:
     ‘DT’ ‘DescTools’ ‘HydeNet’ ‘RBGL’ ‘Rgraphviz’ ‘arules’ ‘bnlearn’
     ‘dplyr’ ‘graph’ ‘igraph’ ‘linkcomm’ ‘missRanger’ ‘parallel’ ‘psych’
     ‘rhandsontable’ ‘rintrojs’ ‘shinyBS’ ‘shinyWidgets’ ‘shinyalert’
     ‘shinycssloaders’ ‘shinydashboard’ ‘tools’ ‘visNetwork’
     All declared Imports should be used.
Flavors: r-devel-linux-x86_64-fedora-clang, r-devel-linux-x86_64-fedora-gcc, r-patched-solaris-x86, r-release-osx-x86_64, r-oldrel-osx-x86_64