CRAN Package Check Results for Package wordbankr

Last updated on 2020-06-04 02:48:18 CEST.

Flavor Version Tinstall Tcheck Ttotal Status Flags
r-devel-linux-x86_64-debian-clang 0.3.0 4.24 47.30 51.54 OK
r-devel-linux-x86_64-debian-gcc 0.3.0 3.45 36.81 40.26 OK
r-devel-linux-x86_64-fedora-clang 0.3.0 70.02 NOTE
r-devel-linux-x86_64-fedora-gcc 0.3.0 61.93 NOTE
r-devel-windows-ix86+x86_64 0.3.0 17.00 179.00 196.00 OK
r-patched-linux-x86_64 0.3.0 3.96 47.89 51.85 OK
r-patched-solaris-x86 0.3.0 92.80 NOTE
r-release-linux-x86_64 0.3.0 3.89 47.37 51.26 OK
r-release-osx-x86_64 0.3.0 NOTE
r-release-windows-ix86+x86_64 0.3.0 11.00 159.00 170.00 OK
r-oldrel-osx-x86_64 0.3.0 NOTE
r-oldrel-windows-ix86+x86_64 0.3.0 12.00 159.00 171.00 OK

Check Details

Version: 0.3.0
Check: dependencies in R code
Result: NOTE
    Namespace in Imports field not imported from: ‘dbplyr’
     All declared Imports should be used.
Flavors: r-devel-linux-x86_64-fedora-clang, r-devel-linux-x86_64-fedora-gcc, r-patched-solaris-x86, r-release-osx-x86_64, r-oldrel-osx-x86_64