CRAN Package Check Results for Package wordcloud

Last updated on 2022-12-06 00:51:25 CET.

Flavor Version Tinstall Tcheck Ttotal Status Flags
r-devel-linux-x86_64-debian-clang 2.6 18.40 35.97 54.37 OK
r-devel-linux-x86_64-debian-gcc 2.6 14.04 28.07 42.11 OK
r-devel-linux-x86_64-fedora-clang 2.6 89.03 NOTE
r-devel-linux-x86_64-fedora-gcc 2.6 80.81 NOTE
r-devel-windows-x86_64 2.6 25.00 81.00 106.00 OK
r-patched-linux-x86_64 2.6 15.67 34.64 50.31 OK
r-release-linux-x86_64 2.6 15.03 34.57 49.60 OK
r-release-macos-arm64 2.6 26.00 NOTE
r-release-macos-x86_64 2.6 36.00 NOTE
r-release-windows-x86_64 2.6 27.00 84.00 111.00 OK
r-oldrel-macos-arm64 2.6 32.00 NOTE
r-oldrel-macos-x86_64 2.6 48.00 NOTE
r-oldrel-windows-ix86+x86_64 2.6 52.00 87.00 139.00 OK

Check Details

Version: 2.6
Check: data for non-ASCII characters
Result: NOTE
     Note: found 2 marked UTF-8 strings
Flavors: r-devel-linux-x86_64-fedora-clang, r-devel-linux-x86_64-fedora-gcc, r-release-macos-arm64, r-release-macos-x86_64, r-oldrel-macos-arm64, r-oldrel-macos-x86_64