Last updated on 2021-02-27 00:52:18 CET.
Flavor | Version | Tinstall | Tcheck | Ttotal | Status | Flags |
---|---|---|---|---|---|---|
r-devel-linux-x86_64-debian-clang | 0.2.1 | 2.67 | 28.92 | 31.59 | OK | |
r-devel-linux-x86_64-debian-gcc | 0.2.1 | 2.13 | 22.59 | 24.72 | OK | |
r-devel-linux-x86_64-fedora-clang | 0.2.1 | 49.06 | NOTE | |||
r-devel-linux-x86_64-fedora-gcc | 0.2.1 | 37.49 | NOTE | |||
r-devel-windows-ix86+x86_64 | 0.2.1 | 5.00 | 38.00 | 43.00 | OK | |
r-patched-linux-x86_64 | 0.2.1 | 2.26 | 27.64 | 29.90 | OK | |
r-patched-solaris-x86 | 0.2.1 | 55.40 | WARN | |||
r-release-linux-x86_64 | 0.2.1 | 2.70 | 27.79 | 30.49 | OK | |
r-release-macos-x86_64 | 0.2.1 | WARN | ||||
r-release-windows-ix86+x86_64 | 0.2.1 | 6.00 | 49.00 | 55.00 | OK | |
r-oldrel-macos-x86_64 | 0.2.1 | WARN | ||||
r-oldrel-windows-ix86+x86_64 | 0.2.1 | 4.00 | 43.00 | 47.00 | OK |
Version: 0.2.1
Check: data for non-ASCII characters
Result: NOTE
Note: found 933 marked UTF-8 strings
Flavors: r-devel-linux-x86_64-fedora-clang, r-devel-linux-x86_64-fedora-gcc, r-patched-solaris-x86, r-release-macos-x86_64, r-oldrel-macos-x86_64
Version: 0.2.1
Check: re-building of vignette outputs
Result: WARN
Error(s) in re-building vignettes:
...
--- re-building ‘wordcloud.Rmd’ using rmarkdown
Warning in engine$weave(file, quiet = quiet, encoding = enc) :
Pandoc (>= 1.12.3) and/or pandoc-citeproc not available. Falling back to R Markdown v1.
Quitting from lines 37-39 (wordcloud.Rmd)
Error: processing vignette 'wordcloud.Rmd' failed with diagnostics:
invalid 'path' argument
--- failed re-building ‘wordcloud.Rmd’
SUMMARY: processing the following file failed:
‘wordcloud.Rmd’
Error: Vignette re-building failed.
Execution halted
Flavor: r-patched-solaris-x86
Version: 0.2.1
Check: re-building of vignette outputs
Result: WARN
Error(s) in re-building vignettes:
...
--- re-building ‘wordcloud.Rmd’ using rmarkdown
Warning in engine$weave(file, quiet = quiet, encoding = enc) :
Pandoc (>= 1.12.3) and/or pandoc-citeproc not available. Falling back to R Markdown v1.
Quitting from lines 37-39 (wordcloud.Rmd)
Error: processing vignette 'wordcloud.Rmd' failed with diagnostics:
cannot open the connection
--- failed re-building ‘wordcloud.Rmd’
SUMMARY: processing the following file failed:
‘wordcloud.Rmd’
Error: Vignette re-building failed.
Execution halted
Flavors: r-release-macos-x86_64, r-oldrel-macos-x86_64