Last updated on 2023-01-29 00:53:51 CET.
Flavor | Version | Tinstall | Tcheck | Ttotal | Status | Flags |
---|---|---|---|---|---|---|
r-devel-linux-x86_64-debian-clang | 0.2.1 | 3.96 | 33.02 | 36.98 | OK | |
r-devel-linux-x86_64-debian-gcc | 0.2.1 | 2.78 | 26.01 | 28.79 | OK | |
r-devel-linux-x86_64-fedora-clang | 0.2.1 | 46.02 | NOTE | |||
r-devel-linux-x86_64-fedora-gcc | 0.2.1 | 56.08 | NOTE | |||
r-patched-linux-x86_64 | 0.2.1 | 3.38 | 32.89 | 36.27 | OK | |
r-release-linux-x86_64 | 0.2.1 | 3.53 | 33.41 | 36.94 | OK | |
r-release-macos-arm64 | 0.2.1 | 21.00 | NOTE | |||
r-release-macos-x86_64 | 0.2.1 | 28.00 | NOTE | |||
r-release-windows-x86_64 | 0.2.1 | 24.00 | 65.00 | 89.00 | OK | |
r-oldrel-macos-arm64 | 0.2.1 | 42.00 | NOTE | |||
r-oldrel-macos-x86_64 | 0.2.1 | 29.00 | NOTE | |||
r-oldrel-windows-ix86+x86_64 | 0.2.1 | 8.00 | 62.00 | 70.00 | OK |
Version: 0.2.1
Check: data for non-ASCII characters
Result: NOTE
Note: found 933 marked UTF-8 strings
Flavors: r-devel-linux-x86_64-fedora-clang, r-devel-linux-x86_64-fedora-gcc, r-release-macos-arm64, r-release-macos-x86_64, r-oldrel-macos-arm64, r-oldrel-macos-x86_64