Last updated on 2022-07-04 01:50:25 CEST.
Flavor | Version | Tinstall | Tcheck | Ttotal | Status | Flags |
---|---|---|---|---|---|---|
r-devel-linux-x86_64-debian-clang | 0.1.0 | 2.71 | 30.89 | 33.60 | OK | |
r-devel-linux-x86_64-debian-gcc | 0.1.0 | 2.38 | 23.56 | 25.94 | OK | |
r-devel-linux-x86_64-fedora-clang | 0.1.0 | 51.60 | NOTE | |||
r-devel-linux-x86_64-fedora-gcc | 0.1.0 | 50.68 | NOTE | |||
r-devel-windows-x86_64 | 0.1.0 | 21.00 | 58.00 | 79.00 | OK | |
r-patched-linux-x86_64 | 0.1.0 | 2.68 | 29.60 | 32.28 | OK | |
r-release-linux-x86_64 | 0.1.0 | 2.82 | 28.88 | 31.70 | OK | |
r-release-macos-arm64 | 0.1.0 | 19.00 | NOTE | |||
r-release-macos-x86_64 | 0.1.0 | 28.00 | NOTE | |||
r-release-windows-x86_64 | 0.1.0 | 13.00 | 56.00 | 69.00 | OK | |
r-oldrel-macos-arm64 | 0.1.0 | 27.00 | NOTE | |||
r-oldrel-macos-x86_64 | 0.1.0 | 31.00 | NOTE | |||
r-oldrel-windows-ix86+x86_64 | 0.1.0 | 7.00 | 49.00 | 56.00 | OK |
Version: 0.1.0
Check: data for non-ASCII characters
Result: NOTE
Note: found 6738 marked UTF-8 strings
Flavors: r-devel-linux-x86_64-fedora-clang, r-devel-linux-x86_64-fedora-gcc, r-release-macos-arm64, r-release-macos-x86_64, r-oldrel-macos-arm64, r-oldrel-macos-x86_64