CRAN Package Check Results for Package wordspace

Last updated on 2019-10-15 01:50:35 CEST.

Flavor Version Tinstall Tcheck Ttotal Status Flags
r-devel-linux-x86_64-debian-clang 0.2-5 38.52 125.37 163.89 WARN
r-devel-linux-x86_64-debian-gcc 0.2-5 29.11 101.28 130.39 OK
r-devel-linux-x86_64-fedora-clang 0.2-5 205.28 OK
r-devel-linux-x86_64-fedora-gcc 0.2-5 203.36 OK
r-devel-windows-ix86+x86_64 0.2-5 69.00 309.00 378.00 OK
r-patched-linux-x86_64 0.2-5 31.59 125.98 157.57 OK
r-patched-solaris-x86 0.2-5 296.90 OK
r-release-linux-x86_64 0.2-5 34.85 126.27 161.12 OK
r-release-windows-ix86+x86_64 0.2-5 83.00 289.00 372.00 OK
r-release-osx-x86_64 0.2-5 OK
r-oldrel-windows-ix86+x86_64 0.2-5 50.00 191.00 241.00 OK
r-oldrel-osx-x86_64 0.2-5 OK

Check Details

Version: 0.2-5
Check: whether package can be installed
Result: WARN
    Found the following significant warnings:
     wordspace.cpp:99:18: warning: using integer absolute value function 'abs' when argument is of floating point type [-Wabsolute-value]
Flavor: r-devel-linux-x86_64-debian-clang