CRAN Package Check Results for Package wosr

Last updated on 2022-06-25 01:49:16 CEST.

Flavor Version Tinstall Tcheck Ttotal Status Flags
r-devel-linux-x86_64-debian-clang 0.3.0 3.45 30.52 33.97 NOTE
r-devel-linux-x86_64-debian-gcc 0.3.0 2.47 23.60 26.07 NOTE
r-devel-linux-x86_64-fedora-clang 0.3.0 51.70 NOTE
r-devel-linux-x86_64-fedora-gcc 0.3.0 50.55 NOTE
r-devel-windows-x86_64 0.3.0 17.00 56.00 73.00 NOTE
r-patched-linux-x86_64 0.3.0 2.48 28.91 31.39 NOTE
r-release-linux-x86_64 0.3.0 2.91 29.23 32.14 NOTE
r-release-macos-arm64 0.3.0 20.00 NOTE
r-release-macos-x86_64 0.3.0 24.00 NOTE
r-release-windows-x86_64 0.3.0 14.00 56.00 70.00 NOTE
r-oldrel-macos-arm64 0.3.0 23.00 NOTE
r-oldrel-macos-x86_64 0.3.0 29.00 NOTE
r-oldrel-windows-ix86+x86_64 0.3.0 7.00 48.00 55.00 NOTE

Check Details

Version: 0.3.0
Check: LazyData
Result: NOTE
     'LazyData' is specified without a 'data' directory
Flavors: r-devel-linux-x86_64-debian-clang, r-devel-linux-x86_64-debian-gcc, r-devel-linux-x86_64-fedora-clang, r-devel-linux-x86_64-fedora-gcc, r-devel-windows-x86_64, r-patched-linux-x86_64, r-release-linux-x86_64, r-release-macos-arm64, r-release-macos-x86_64, r-release-windows-x86_64, r-oldrel-macos-arm64, r-oldrel-macos-x86_64, r-oldrel-windows-ix86+x86_64