CRAN Package Check Results for Package wrMisc

Last updated on 2021-08-03 01:50:55 CEST.

Flavor Version Tinstall Tcheck Ttotal Status Flags
r-devel-linux-x86_64-debian-clang 1.6.0 17.32 109.60 126.92 OK
r-devel-linux-x86_64-debian-gcc 1.6.0 13.50 81.15 94.65 OK
r-devel-linux-x86_64-fedora-clang 1.6.0 161.98 OK
r-devel-linux-x86_64-fedora-gcc 1.6.0 149.00 OK
r-devel-windows-x86_64 1.6.0 23.00 163.00 186.00 OK
r-devel-windows-x86_64-gcc10-UCRT 1.6.0 OK
r-patched-linux-x86_64 1.6.0 OK
r-patched-solaris-x86 1.6.0 170.60 OK
r-release-linux-x86_64 1.6.0 14.78 106.08 120.86 OK
r-release-macos-arm64 1.6.0 NOTE
r-release-macos-x86_64 1.6.0 OK
r-release-windows-ix86+x86_64 1.6.0 28.00 167.00 195.00 OK
r-oldrel-macos-x86_64 1.6.0 OK
r-oldrel-windows-ix86+x86_64 1.6.0 22.00 177.00 199.00 OK

Check Details

Version: 1.6.0
Check: package dependencies
Result: NOTE
    Packages suggested but not available for checking: 'qvalue', 'vsn'
Flavor: r-release-macos-arm64

Version: 1.6.0
Check: Rd cross-references
Result: NOTE
    Package unavailable to check Rd xrefs: ‘vsn’
Flavor: r-release-macos-arm64