Last updated on 2022-07-26 01:58:27 CEST.
Flavor | Version | Tinstall | Tcheck | Ttotal | Status | Flags |
---|---|---|---|---|---|---|
r-devel-linux-x86_64-debian-clang | 1.0.2 | 3.61 | 39.17 | 42.78 | NOTE | |
r-devel-linux-x86_64-debian-gcc | 1.0.2 | 4.22 | 29.48 | 33.70 | NOTE | |
r-devel-linux-x86_64-fedora-clang | 1.0.2 | 63.46 | NOTE | |||
r-devel-linux-x86_64-fedora-gcc | 1.0.2 | 61.63 | NOTE | |||
r-devel-windows-x86_64 | 1.0.2 | 32.00 | 66.00 | 98.00 | NOTE | |
r-patched-linux-x86_64 | 1.0.2 | 8.45 | 37.39 | 45.84 | NOTE | |
r-release-linux-x86_64 | 1.0.2 | 4.70 | 37.13 | 41.83 | NOTE | |
r-release-macos-arm64 | 1.0.2 | 21.00 | NOTE | |||
r-release-macos-x86_64 | 1.0.2 | 29.00 | NOTE | |||
r-release-windows-x86_64 | 1.0.2 | 40.00 | 67.00 | 107.00 | NOTE | |
r-oldrel-macos-arm64 | 1.0.2 | 23.00 | NOTE | |||
r-oldrel-macos-x86_64 | 1.0.2 | 33.00 | NOTE | |||
r-oldrel-windows-ix86+x86_64 | 1.0.2 | 9.00 | 54.00 | 63.00 | NOTE |
Version: 1.0.2
Check: LazyData
Result: NOTE
'LazyData' is specified without a 'data' directory
Flavors: r-devel-linux-x86_64-debian-clang, r-devel-linux-x86_64-debian-gcc, r-devel-linux-x86_64-fedora-clang, r-devel-linux-x86_64-fedora-gcc, r-devel-windows-x86_64, r-patched-linux-x86_64, r-release-linux-x86_64, r-release-macos-arm64, r-release-macos-x86_64, r-release-windows-x86_64, r-oldrel-macos-arm64, r-oldrel-macos-x86_64, r-oldrel-windows-ix86+x86_64
Version: 1.0.2
Check: package dependencies
Result: NOTE
Package suggested but not available for checking: ‘BiocParallel’
Flavor: r-oldrel-macos-arm64