CRAN Package Check Results for Package wrapr

Last updated on 2019-10-15 01:50:35 CEST.

Flavor Version Tinstall Tcheck Ttotal Status Flags
r-devel-linux-x86_64-debian-clang 1.9.1 7.20 66.77 73.97 ERROR
r-devel-linux-x86_64-debian-gcc 1.9.2 5.64 54.01 59.65 OK
r-devel-linux-x86_64-fedora-clang 1.9.2 94.37 OK
r-devel-linux-x86_64-fedora-gcc 1.9.2 88.55 OK
r-devel-windows-ix86+x86_64 1.9.1 20.00 106.00 126.00 OK
r-patched-linux-x86_64 1.9.2 6.98 66.02 73.00 OK
r-patched-solaris-x86 1.9.2 103.00 OK
r-release-linux-x86_64 1.9.1 6.98 66.74 73.72 OK
r-release-windows-ix86+x86_64 1.9.2 14.00 84.00 98.00 OK
r-release-osx-x86_64 1.9.2 OK
r-oldrel-windows-ix86+x86_64 1.9.1 13.00 57.00 70.00 OK
r-oldrel-osx-x86_64 1.9.2 OK

Check Details

Version: 1.9.1
Check: examples
Result: ERROR
    Running examples in 'wrapr-Ex.R' failed
    The error most likely occurred in:
    
    > base::assign(".ptime", proc.time(), pos = "CheckExEnv")
    > ### Name: qchar_frame
    > ### Title: Build a quoted data.frame.
    > ### Aliases: qchar_frame
    >
    > ### ** Examples
    >
    >
    > loss_name <- "loss"
    > x <- qchar_frame(
    + measure, training, validation |
    + "minus binary cross entropy", .(loss_name), val_loss |
    + accuracy, acc, val_acc )
    Error in FUN(X[[i]], ...) : wrapr::qchar_frame unexpected operator .
    Calls: qchar_frame -> lapply -> FUN
    Execution halted
Flavor: r-devel-linux-x86_64-debian-clang