Last updated on 2023-01-28 01:50:25 CET.
Flavor | Version | Tinstall | Tcheck | Ttotal | Status | Flags |
---|---|---|---|---|---|---|
r-devel-linux-x86_64-debian-clang | 1.1.1 | 19.43 | 33.55 | 52.98 | NOTE | |
r-devel-linux-x86_64-debian-gcc | 1.1.1 | 17.02 | 26.56 | 43.58 | NOTE | |
r-devel-linux-x86_64-fedora-clang | 1.1.1 | 78.20 | NOTE | |||
r-devel-linux-x86_64-fedora-gcc | 1.1.1 | 74.33 | NOTE | |||
r-patched-linux-x86_64 | 1.1.1 | 16.29 | 33.46 | 49.75 | NOTE | |
r-release-linux-x86_64 | 1.1.1 | 16.17 | 33.89 | 50.06 | NOTE | |
r-release-macos-arm64 | 1.1.1 | 25.00 | NOTE | |||
r-release-macos-x86_64 | 1.1.1 | 33.00 | NOTE | |||
r-release-windows-x86_64 | 1.1.1 | 26.00 | 82.00 | 108.00 | NOTE | |
r-oldrel-macos-arm64 | 1.1.1 | 28.00 | NOTE | |||
r-oldrel-macos-x86_64 | 1.1.1 | 40.00 | NOTE | |||
r-oldrel-windows-ix86+x86_64 | 1.1.1 | 55.00 | 90.00 | 145.00 | NOTE |
Version: 1.1.1
Check: LazyData
Result: NOTE
'LazyData' is specified without a 'data' directory
Flavors: r-devel-linux-x86_64-debian-clang, r-devel-linux-x86_64-debian-gcc, r-devel-linux-x86_64-fedora-clang, r-devel-linux-x86_64-fedora-gcc, r-patched-linux-x86_64, r-release-linux-x86_64, r-release-macos-arm64, r-release-macos-x86_64, r-release-windows-x86_64, r-oldrel-macos-arm64, r-oldrel-macos-x86_64, r-oldrel-windows-ix86+x86_64
Version: 1.1.1
Check: package dependencies
Result: NOTE
Package suggested but not available for checking: ‘metap’
Flavor: r-release-macos-arm64