CRAN Package Check Results for Package wru

Last updated on 2020-04-01 01:49:11 CEST.

Flavor Version Tinstall Tcheck Ttotal Status Flags
r-devel-linux-x86_64-debian-clang 0.1-9 10.70 66.85 77.55 OK
r-devel-linux-x86_64-debian-gcc 0.1-9 10.16 51.00 61.16 OK
r-devel-linux-x86_64-fedora-clang 0.1-9 95.85 NOTE
r-devel-linux-x86_64-fedora-gcc 0.1-9 93.14 OK
r-devel-windows-ix86+x86_64 0.1-9 27.00 77.00 104.00 NOTE
r-devel-windows-ix86+x86_64-gcc8 0.1-9 22.00 85.00 107.00 NOTE
r-patched-linux-x86_64 0.1-9 12.12 64.46 76.58 OK
r-patched-solaris-x86 0.1-9 5.10 ERROR
r-release-linux-x86_64 0.1-9 10.39 58.41 68.80 OK
r-release-windows-ix86+x86_64 0.1-9 33.00 107.00 140.00 NOTE
r-release-osx-x86_64 0.1-9 NOTE
r-oldrel-windows-ix86+x86_64 0.1-9 24.00 116.00 140.00 NOTE
r-oldrel-osx-x86_64 0.1-9 NOTE

Check Details

Version: 0.1-9
Check: installed package size
Result: NOTE
     installed size is 5.8Mb
     sub-directories of 1Mb or more:
     data 5.6Mb
Flavors: r-devel-linux-x86_64-fedora-clang, r-devel-windows-ix86+x86_64, r-devel-windows-ix86+x86_64-gcc8, r-release-windows-ix86+x86_64, r-release-osx-x86_64, r-oldrel-windows-ix86+x86_64, r-oldrel-osx-x86_64

Version: 0.1-9
Check: package dependencies
Result: ERROR
    Package required but not available: ‘devtools’
    
    See section ‘The DESCRIPTION file’ in the ‘Writing R Extensions’
    manual.
Flavor: r-patched-solaris-x86