CRAN Package Check Results for Package wv

Last updated on 2019-12-14 00:54:25 CET.

Flavor Version Tinstall Tcheck Ttotal Status Flags
r-devel-linux-x86_64-debian-clang 0.1.0 167.71 49.58 217.29 OK
r-devel-linux-x86_64-debian-gcc 0.1.0 115.19 39.08 154.27 OK
r-devel-linux-x86_64-fedora-clang 0.1.0 302.25 NOTE
r-devel-linux-x86_64-fedora-gcc 0.1.0 277.95 OK
r-devel-windows-ix86+x86_64 0.1.0 314.00 133.00 447.00 OK
r-devel-windows-ix86+x86_64-gcc8 0.1.0 430.00 131.00 561.00 OK
r-patched-linux-x86_64 0.1.0 124.67 45.16 169.83 OK
r-patched-solaris-x86 0.1.0 268.50 OK
r-release-linux-x86_64 0.1.0 128.43 45.40 173.83 OK
r-release-windows-ix86+x86_64 0.1.0 325.00 94.00 419.00 OK
r-release-osx-x86_64 0.1.0 NOTE
r-oldrel-windows-ix86+x86_64 0.1.0 313.00 92.00 405.00 OK
r-oldrel-osx-x86_64 0.1.0 NOTE

Check Details

Version: 0.1.0
Check: installed package size
Result: NOTE
     installed size is 7.4Mb
     sub-directories of 1Mb or more:
     libs 6.3Mb
Flavors: r-devel-linux-x86_64-fedora-clang, r-release-osx-x86_64, r-oldrel-osx-x86_64