CRAN Package Check Results for Package x12

Last updated on 2020-09-19 00:50:21 CEST.

Flavor Version Tinstall Tcheck Ttotal Status Flags
r-devel-linux-x86_64-debian-clang 1.9.0 11.21 75.87 87.08 NOTE
r-devel-linux-x86_64-debian-gcc 1.9.0 9.81 57.84 67.65 NOTE
r-devel-linux-x86_64-fedora-clang 1.9.0 123.40 NOTE
r-devel-linux-x86_64-fedora-gcc 1.9.0 119.21 NOTE
r-devel-windows-ix86+x86_64 1.9.0 22.00 83.00 105.00 OK
r-patched-linux-x86_64 1.9.0 10.95 76.03 86.98 NOTE
r-patched-solaris-x86 1.9.0 20.70 ERROR
r-release-linux-x86_64 1.9.0 12.39 76.18 88.57 NOTE
r-release-macos-x86_64 1.9.0 OK
r-release-windows-ix86+x86_64 1.9.0 20.00 85.00 105.00 OK
r-oldrel-macos-x86_64 1.9.0 OK
r-oldrel-windows-ix86+x86_64 1.9.0 14.00 105.00 119.00 OK

Check Details

Version: 1.9.0
Check: for non-standard things in the check directory
Result: NOTE
    Found the following files/directories:
     'Rout.a1' 'Rout.b1' 'Rout.d10' 'Rout.d11' 'Rout.d12' 'Rout.dat'
     'Rout.ftr' 'Rout.html' 'Rout.spc' 'Rout_Profiler.txt' 'Rout_err.html'
     'Rout_log.html' 'gra_Rout'
Flavors: r-devel-linux-x86_64-debian-clang, r-devel-linux-x86_64-debian-gcc, r-devel-linux-x86_64-fedora-clang, r-devel-linux-x86_64-fedora-gcc, r-patched-linux-x86_64, r-release-linux-x86_64

Version: 1.9.0
Check: whether package can be installed
Result: ERROR
    Installation failed.
Flavor: r-patched-solaris-x86