CRAN Package Check Results for Package x13binary

Last updated on 2022-07-04 01:50:26 CEST.

Flavor Version Tinstall Tcheck Ttotal Status Flags
r-devel-linux-x86_64-debian-clang 1.1.57-3 3.15 21.78 24.93 OK
r-devel-linux-x86_64-debian-gcc 1.1.57-3 2.28 17.92 20.20 OK
r-devel-linux-x86_64-fedora-clang 1.1.57-3 43.75 NOTE
r-devel-linux-x86_64-fedora-gcc 1.1.57-3 43.11 OK
r-devel-windows-x86_64 1.1.57-3 24.00 46.00 70.00 OK
r-patched-linux-x86_64 1.1.57-3 3.09 23.07 26.16 OK
r-release-linux-x86_64 1.1.57-3 2.88 23.02 25.90 OK
r-release-macos-arm64 1.1.57-3 19.00 NOTE
r-release-macos-x86_64 1.1.57-3 25.00 NOTE
r-release-windows-x86_64 1.1.57-3 8.00 44.00 52.00 OK
r-oldrel-macos-arm64 1.1.57-3 20.00 NOTE
r-oldrel-macos-x86_64 1.1.57-3 25.00 NOTE
r-oldrel-windows-ix86+x86_64 1.1.57-3 7.00 34.00 41.00 OK

Check Details

Version: 1.1.57-3
Check: installed package size
Result: NOTE
     installed size is 5.8Mb
     sub-directories of 1Mb or more:
     bin 5.7Mb
Flavors: r-devel-linux-x86_64-fedora-clang, r-release-macos-arm64, r-release-macos-x86_64, r-oldrel-macos-arm64, r-oldrel-macos-x86_64