CRAN Package Check Results for Package x13binary

Last updated on 2023-06-05 07:53:10 CEST.

Flavor Version Tinstall Tcheck Ttotal Status Flags
r-devel-linux-x86_64-debian-clang 1.1.57-3 3.51 22.87 26.38 OK
r-devel-linux-x86_64-debian-gcc 1.1.57-3 2.65 17.87 20.52 OK
r-devel-linux-x86_64-fedora-clang 1.1.57-3 35.07 NOTE
r-devel-linux-x86_64-fedora-gcc 1.1.57-3 33.16 OK
r-devel-windows-x86_64 1.1.57-3 13.00 38.00 51.00 OK
r-patched-linux-x86_64 1.1.57-3 3.65 22.42 26.07 OK
r-release-linux-x86_64 1.1.57-3 3.32 22.16 25.48 OK
r-release-macos-arm64 1.1.57-3 20.00 NOTE
r-release-macos-x86_64 1.1.57-3 25.00 NOTE
r-release-windows-x86_64 1.1.57-3 12.00 44.00 56.00 OK
r-oldrel-macos-arm64 1.1.57-3 18.00 NOTE
r-oldrel-macos-x86_64 1.1.57-3 25.00 NOTE
r-oldrel-windows-x86_64 1.1.57-3 8.00 44.00 52.00 OK

Check Details

Version: 1.1.57-3
Check: installed package size
Result: NOTE
     installed size is 5.8Mb
     sub-directories of 1Mb or more:
     bin 5.7Mb
Flavors: r-devel-linux-x86_64-fedora-clang, r-release-macos-arm64, r-release-macos-x86_64, r-oldrel-macos-arm64, r-oldrel-macos-x86_64