CRAN Package Check Results for Package x3ptools

Last updated on 2020-07-10 01:49:16 CEST.

Flavor Version Tinstall Tcheck Ttotal Status Flags
r-devel-linux-x86_64-debian-clang 0.0.2 6.01 53.24 59.25 OK
r-devel-linux-x86_64-debian-gcc 0.0.2 4.67 41.91 46.58 OK
r-devel-linux-x86_64-fedora-clang 0.0.2 80.56 OK
r-devel-linux-x86_64-fedora-gcc 0.0.2 71.02 OK
r-devel-windows-ix86+x86_64 0.0.2 15.00 78.00 93.00 OK
r-patched-linux-x86_64 0.0.2 6.05 53.25 59.30 OK
r-patched-solaris-x86 0.0.2 106.50 OK
r-release-linux-x86_64 0.0.2 6.05 53.79 59.84 OK
r-release-osx-x86_64 0.0.2 OK
r-release-windows-ix86+x86_64 0.0.2 16.00 113.00 129.00 OK
r-oldrel-osx-x86_64 0.0.2 WARN
r-oldrel-windows-ix86+x86_64 0.0.2 14.00 72.00 86.00 OK

Check Details

Version: 0.0.2
Check: whether package can be installed
Result: WARN
    Found the following significant warnings:
     Warning: 'rgl_init' failed, running with rgl.useNULL = TRUE
Flavor: r-oldrel-osx-x86_64