CRAN Package Check Results for Package xSub

Last updated on 2021-12-06 00:48:46 CET.

Flavor Version Tinstall Tcheck Ttotal Status Flags
r-devel-linux-x86_64-debian-clang 3.0.1 6.56 53.10 59.66 OK
r-devel-linux-x86_64-debian-gcc 3.0.1 4.41 43.65 48.06 OK
r-devel-linux-x86_64-fedora-clang 3.0.1 78.50 NOTE
r-devel-linux-x86_64-fedora-gcc 3.0.1 61.81 NOTE
r-devel-windows-x86_64-new-UL 3.0.1 15.00 78.00 93.00 OK
r-devel-windows-x86_64-new-TK 3.0.1 NOTE
r-devel-windows-x86_64-old 3.0.1 11.00 46.00 57.00 OK
r-patched-linux-x86_64 3.0.1 5.75 41.34 47.09 OK
r-release-linux-x86_64 3.0.1 6.12 49.89 56.01 OK
r-release-macos-arm64 3.0.1 NOTE
r-release-macos-x86_64 3.0.1 NOTE
r-release-windows-ix86+x86_64 3.0.1 13.00 60.00 73.00 OK
r-oldrel-macos-x86_64 3.0.1 NOTE
r-oldrel-windows-ix86+x86_64 3.0.1 14.00 63.00 77.00 OK

Check Details

Version: 3.0.1
Check: data for non-ASCII characters
Result: NOTE
     Note: found 268 marked UTF-8 strings
Flavors: r-devel-linux-x86_64-fedora-clang, r-devel-linux-x86_64-fedora-gcc, r-devel-windows-x86_64-new-TK, r-release-macos-arm64, r-release-macos-x86_64, r-oldrel-macos-x86_64