CRAN Package Check Results for Package xSub

Last updated on 2021-06-22 01:49:38 CEST.

Flavor Version Tinstall Tcheck Ttotal Status Flags
r-devel-linux-x86_64-debian-clang 3.0.1 6.18 45.05 51.23 OK
r-devel-linux-x86_64-debian-gcc 3.0.1 5.40 34.42 39.82 OK
r-devel-linux-x86_64-fedora-clang 3.0.1 71.92 NOTE
r-devel-linux-x86_64-fedora-gcc 3.0.1 60.17 NOTE
r-devel-windows-x86_64 3.0.1 10.00 59.00 69.00 OK
r-devel-windows-x86_64-gcc10-UCRT 3.0.1 NOTE
r-patched-linux-x86_64 3.0.1 6.89 41.89 48.78 OK
r-patched-solaris-x86 3.0.1 95.40 NOTE
r-release-linux-x86_64 3.0.1 4.58 43.41 47.99 OK
r-release-macos-arm64 3.0.1 NOTE
r-release-macos-x86_64 3.0.1 NOTE
r-release-windows-ix86+x86_64 3.0.1 16.00 44.00 60.00 OK
r-oldrel-macos-x86_64 3.0.1 NOTE

Check Details

Version: 3.0.1
Check: data for non-ASCII characters
Result: NOTE
     Note: found 268 marked UTF-8 strings
Flavors: r-devel-linux-x86_64-fedora-clang, r-devel-linux-x86_64-fedora-gcc, r-devel-windows-x86_64-gcc10-UCRT, r-patched-solaris-x86, r-release-macos-arm64, r-release-macos-x86_64, r-oldrel-macos-x86_64