CRAN Package Check Results for Package xgobi

Last updated on 2021-08-01 01:52:11 CEST.

Flavor Version Tinstall Tcheck Ttotal Status Flags
r-devel-linux-x86_64-debian-clang 1.2-15 2.08 24.20 26.28 NOTE
r-devel-linux-x86_64-debian-gcc 1.2-15 1.92 19.43 21.35 NOTE
r-devel-linux-x86_64-fedora-clang 1.2-15 41.68 NOTE
r-devel-linux-x86_64-fedora-gcc 1.2-15 31.78 NOTE
r-devel-windows-x86_64 1.2-15 4.00 59.00 63.00 NOTE
r-devel-windows-x86_64-gcc10-UCRT 1.2-15 NOTE
r-patched-linux-x86_64 1.2-15 NOTE
r-patched-solaris-x86 1.2-15 47.90 NOTE
r-release-linux-x86_64 1.2-15 1.99 23.61 25.60 NOTE
r-release-macos-arm64 1.2-15 NOTE
r-release-macos-x86_64 1.2-15 NOTE
r-release-windows-ix86+x86_64 1.2-15 4.00 53.00 57.00 NOTE
r-oldrel-macos-x86_64 1.2-15 NOTE
r-oldrel-windows-ix86+x86_64 1.2-15 4.00 48.00 52.00 NOTE

Check Details

Version: 1.2-15
Check: top-level files
Result: NOTE
    File
     LICENCE
    is not mentioned in the DESCRIPTION file.
Flavors: r-devel-linux-x86_64-debian-clang, r-devel-linux-x86_64-debian-gcc, r-devel-linux-x86_64-fedora-clang, r-devel-linux-x86_64-fedora-gcc, r-devel-windows-x86_64, r-devel-windows-x86_64-gcc10-UCRT, r-patched-linux-x86_64, r-patched-solaris-x86, r-release-linux-x86_64, r-release-macos-arm64, r-release-macos-x86_64, r-release-windows-ix86+x86_64, r-oldrel-macos-x86_64, r-oldrel-windows-ix86+x86_64

Version: 1.2-15
Check: R code for possible problems
Result: NOTE
    quadplot: no visible global function definition for 'median'
    xgobi: no visible global function definition for 'write.table'
    Undefined global functions or variables:
     median write.table
    Consider adding
     importFrom("stats", "median")
     importFrom("utils", "write.table")
    to your NAMESPACE file.
Flavors: r-devel-linux-x86_64-debian-clang, r-devel-linux-x86_64-debian-gcc, r-devel-linux-x86_64-fedora-clang, r-devel-linux-x86_64-fedora-gcc, r-devel-windows-x86_64, r-devel-windows-x86_64-gcc10-UCRT, r-patched-linux-x86_64, r-patched-solaris-x86, r-release-linux-x86_64, r-release-macos-arm64, r-release-macos-x86_64, r-release-windows-ix86+x86_64, r-oldrel-macos-x86_64, r-oldrel-windows-ix86+x86_64