Last updated on 2022-07-03 01:49:09 CEST.
Flavor | Version | Tinstall | Tcheck | Ttotal | Status | Flags |
---|---|---|---|---|---|---|
r-devel-linux-x86_64-debian-clang | 0.1.2 | 2.60 | 27.90 | 30.50 | OK | |
r-devel-linux-x86_64-debian-gcc | 0.1.2 | 1.99 | 21.26 | 23.25 | OK | |
r-devel-linux-x86_64-fedora-clang | 0.1.2 | 46.86 | OK | |||
r-devel-linux-x86_64-fedora-gcc | 0.1.2 | 46.24 | OK | |||
r-devel-windows-x86_64 | 0.1.2 | 13.00 | 53.00 | 66.00 | OK | |
r-patched-linux-x86_64 | 0.1.2 | 2.09 | 27.30 | 29.39 | OK | |
r-release-linux-x86_64 | 0.1.2 | 2.21 | 26.61 | 28.82 | OK | |
r-release-macos-arm64 | 0.1.2 | 14.00 | OK | |||
r-release-macos-x86_64 | 0.1.2 | 26.00 | NOTE | |||
r-release-windows-x86_64 | 0.1.2 | 5.00 | 57.00 | 62.00 | OK | |
r-oldrel-macos-arm64 | 0.1.2 | 18.00 | OK | |||
r-oldrel-macos-x86_64 | 0.1.2 | 27.00 | OK | |||
r-oldrel-windows-ix86+x86_64 | 0.1.2 | 6.00 | 45.00 | 51.00 | OK |
Version: 0.1.2
Check: package dependencies
Result: NOTE
Package suggested but not available for checking: ‘xlsx’
Flavor: r-release-macos-x86_64