CRAN Package Check Results for Package xmlparsedata

Last updated on 2022-01-23 00:57:29 CET.

Flavor Version Tinstall Tcheck Ttotal Status Flags
r-devel-linux-x86_64-debian-clang 1.0.5 1.56 30.59 32.15 NOTE
r-devel-linux-x86_64-debian-gcc 1.0.5 1.54 23.68 25.22 NOTE
r-devel-linux-x86_64-fedora-clang 1.0.5 40.27 NOTE
r-devel-linux-x86_64-fedora-gcc 1.0.5 28.66 NOTE
r-devel-windows-x86_64-new-UL 1.0.5 27.00 47.00 74.00 NOTE
r-devel-windows-x86_64-new-TK 1.0.5 NOTE
r-patched-linux-x86_64 1.0.5 1.61 29.67 31.28 NOTE
r-release-linux-x86_64 1.0.5 1.62 29.80 31.42 NOTE
r-release-macos-arm64 1.0.5 NOTE
r-release-macos-x86_64 1.0.5 NOTE
r-release-windows-ix86+x86_64 1.0.5 5.00 40.00 45.00 NOTE
r-oldrel-macos-x86_64 1.0.5 OK
r-oldrel-windows-ix86+x86_64 1.0.5 5.00 38.00 43.00 OK

Check Details

Version: 1.0.5
Check: LazyData
Result: NOTE
     'LazyData' is specified without a 'data' directory
Flavors: r-devel-linux-x86_64-debian-clang, r-devel-linux-x86_64-debian-gcc, r-devel-linux-x86_64-fedora-clang, r-devel-linux-x86_64-fedora-gcc, r-devel-windows-x86_64-new-UL, r-devel-windows-x86_64-new-TK, r-patched-linux-x86_64, r-release-linux-x86_64, r-release-macos-arm64, r-release-macos-x86_64, r-release-windows-ix86+x86_64