CRAN Package Check Results for Package xmlparsedata

Last updated on 2021-04-18 01:49:40 CEST.

Flavor Version Tinstall Tcheck Ttotal Status Flags
r-devel-linux-x86_64-debian-clang 1.0.5 1.74 22.88 24.62 NOTE
r-devel-linux-x86_64-debian-gcc 1.0.5 1.42 18.10 19.52 NOTE
r-devel-linux-x86_64-fedora-clang 1.0.5 40.18 NOTE
r-devel-linux-x86_64-fedora-gcc 1.0.5 29.59 NOTE
r-devel-windows-ix86+x86_64 1.0.5 4.00 34.00 38.00 NOTE
r-devel-windows-x86_64-gcc10-UCRT 1.0.5 NOTE
r-patched-linux-x86_64 1.0.5 1.78 22.33 24.11 OK
r-patched-solaris-x86 1.0.5 47.10 OK
r-release-linux-x86_64 1.0.5 1.78 22.28 24.06 OK
r-release-macos-x86_64 1.0.5 OK
r-release-windows-ix86+x86_64 1.0.5 4.00 39.00 43.00 OK
r-oldrel-macos-x86_64 1.0.5 OK
r-oldrel-windows-ix86+x86_64 1.0.5 3.00 38.00 41.00 OK

Check Details

Version: 1.0.5
Check: LazyData
Result: NOTE
     'LazyData' is specified without a 'data' directory
Flavors: r-devel-linux-x86_64-debian-clang, r-devel-linux-x86_64-debian-gcc, r-devel-linux-x86_64-fedora-clang, r-devel-linux-x86_64-fedora-gcc, r-devel-windows-ix86+x86_64, r-devel-windows-x86_64-gcc10-UCRT