CRAN Package Check Results for Package xpectr

Last updated on 2021-08-03 01:50:55 CEST.

Flavor Version Tinstall Tcheck Ttotal Status Flags
r-devel-linux-x86_64-debian-clang 0.4.0 7.21 67.23 74.44 NOTE
r-devel-linux-x86_64-debian-gcc 0.4.0 4.93 50.58 55.51 NOTE
r-devel-linux-x86_64-fedora-clang 0.4.0 97.32 NOTE
r-devel-linux-x86_64-fedora-gcc 0.4.0 85.12 NOTE
r-devel-windows-x86_64 0.4.0 18.00 90.00 108.00 NOTE
r-devel-windows-x86_64-gcc10-UCRT 0.4.0 NOTE
r-patched-linux-x86_64 0.4.0 NOTE
r-patched-solaris-x86 0.4.0 118.70 NOTE
r-release-linux-x86_64 0.4.0 5.66 63.19 68.85 NOTE
r-release-macos-arm64 0.4.0 NOTE
r-release-macos-x86_64 0.4.0 NOTE
r-release-windows-ix86+x86_64 0.4.0 14.00 68.00 82.00 NOTE
r-oldrel-macos-x86_64 0.4.0 OK
r-oldrel-windows-ix86+x86_64 0.4.0 23.00 90.00 113.00 OK

Check Details

Version: 0.4.0
Check: LazyData
Result: NOTE
     'LazyData' is specified without a 'data' directory
Flavors: r-devel-linux-x86_64-debian-clang, r-devel-linux-x86_64-debian-gcc, r-devel-linux-x86_64-fedora-clang, r-devel-linux-x86_64-fedora-gcc, r-devel-windows-x86_64, r-devel-windows-x86_64-gcc10-UCRT, r-patched-linux-x86_64, r-patched-solaris-x86, r-release-linux-x86_64, r-release-macos-arm64, r-release-macos-x86_64, r-release-windows-ix86+x86_64