CRAN Package Check Results for Package xpose4

Last updated on 2021-09-23 01:50:05 CEST.

Flavor Version Tinstall Tcheck Ttotal Status Flags
r-devel-linux-x86_64-debian-clang 4.7.1 27.87 185.77 213.64 OK
r-devel-linux-x86_64-debian-gcc 4.7.1 19.99 135.58 155.57 OK
r-devel-linux-x86_64-fedora-clang 4.7.1 257.93 OK
r-devel-linux-x86_64-fedora-gcc 4.7.1 245.16 OK
r-devel-windows-x86_64 4.7.1 28.00 179.00 207.00 ERROR
r-devel-windows-x86_64-gcc10-UCRT 4.7.1 ERROR
r-patched-linux-x86_64 4.7.1 33.36 175.82 209.18 OK
r-patched-solaris-x86 4.7.1 288.70 OK
r-release-linux-x86_64 4.7.1 24.26 176.88 201.14 OK
r-release-macos-arm64 4.7.1 OK
r-release-macos-x86_64 4.7.1 OK
r-release-windows-ix86+x86_64 4.7.1 46.00 173.00 219.00 ERROR
r-oldrel-macos-x86_64 4.7.1 OK
r-oldrel-windows-ix86+x86_64 4.7.1 30.00 170.00 200.00 ERROR

Check Details

Version: 4.7.1
Check: examples
Result: ERROR
    Running examples in 'xpose4-Ex.R' failed
    The error most likely occurred in:
    
    > ### Name: simprazExample
    > ### Title: Function to create files for the simulated prazosin example in
    > ### Xpose
    > ### Aliases: simprazExample
    > ### Keywords: methods
    >
    > ### ** Examples
    >
    >
    > od = setwd(tempdir()) # move to a temp directory
    > (cur.files <- dir()) # current files in temp directory
    [1] "pdf198f83428140" "xptab1"
    >
    > simprazExample(overwrite=TRUE) # write files
    Warning in file(file, ifelse(append, "a", "w")) :
     cannot open file 'xptab1': Invalid argument
    Error in file(file, ifelse(append, "a", "w")) :
     cannot open the connection
    Calls: simprazExample -> writeTab -> cat -> file
    Execution halted
Flavor: r-devel-windows-x86_64

Version: 4.7.1
Check: package dependencies
Result: ERROR
    Package required but not available: 'Hmisc'
    
    See section 'The DESCRIPTION file' in the 'Writing R Extensions'
    manual.
Flavor: r-devel-windows-x86_64-gcc10-UCRT

Version: 4.7.1
Check: examples
Result: ERROR
    Running examples in 'xpose4-Ex.R' failed
    The error most likely occurred in:
    
    > ### Name: simprazExample
    > ### Title: Function to create files for the simulated prazosin example in
    > ### Xpose
    > ### Aliases: simprazExample
    > ### Keywords: methods
    >
    > ### ** Examples
    >
    >
    > od = setwd(tempdir()) # move to a temp directory
    > (cur.files <- dir()) # current files in temp directory
    [1] "pdf1e44721a6cf" "xptab1"
    >
    > simprazExample(overwrite=TRUE) # write files
    Warning in file(file, ifelse(append, "a", "w")) :
     cannot open file 'xptab1': Invalid argument
    Error in file(file, ifelse(append, "a", "w")) :
     cannot open the connection
    Calls: simprazExample -> writeTab -> cat -> file
    Execution halted
Flavor: r-release-windows-ix86+x86_64

Version: 4.7.1
Check: examples
Result: ERROR
    Running examples in 'xpose4-Ex.R' failed
    The error most likely occurred in:
    
    > ### Name: simprazExample
    > ### Title: Function to create files for the simulated prazosin example in
    > ### Xpose
    > ### Aliases: simprazExample
    > ### Keywords: methods
    >
    > ### ** Examples
    >
    >
    > od = setwd(tempdir()) # move to a temp directory
    > (cur.files <- dir()) # current files in temp directory
    [1] "pdf162e42e3d3e79" "xptab1"
    >
    > simprazExample(overwrite=TRUE) # write files
    Warning in file(file, ifelse(append, "a", "w")) :
     cannot open file 'xptab1': Invalid argument
    Error in file(file, ifelse(append, "a", "w")) :
     cannot open the connection
    Calls: simprazExample -> writeTab -> cat -> file
    Execution halted
Flavor: r-oldrel-windows-ix86+x86_64