CRAN Package Check Results for Package xrnet

Last updated on 2024-07-24 07:51:19 CEST.

Flavor Version Tinstall Tcheck Ttotal Status Flags
r-devel-linux-x86_64-debian-clang 1.0.0 106.20 62.36 168.56 OK
r-devel-linux-x86_64-debian-gcc 1.0.0 88.61 54.66 143.27 OK
r-devel-linux-x86_64-fedora-clang 1.0.0 129.38 OK
r-devel-linux-x86_64-fedora-gcc 1.0.0 280.21 OK
r-devel-windows-x86_64 1.0.0 90.00 120.00 210.00 OK
r-patched-linux-x86_64 1.0.0 111.63 68.02 179.65 OK
r-release-linux-x86_64 1.0.0 101.49 68.01 169.50 OK
r-release-macos-arm64 1.0.0 70.00 NOTE
r-release-macos-x86_64 1.0.0 128.00 NOTE
r-release-windows-x86_64 1.0.0 96.00 119.00 215.00 OK
r-oldrel-macos-arm64 1.0.0 70.00 NOTE
r-oldrel-macos-x86_64 1.0.0 107.00 NOTE
r-oldrel-windows-x86_64 1.0.0 94.00 115.00 209.00 OK

Check Details

Version: 1.0.0
Check: installed package size
Result: NOTE installed size is 25.2Mb sub-directories of 1Mb or more: libs 24.7Mb Flavors: r-release-macos-arm64, r-release-macos-x86_64, r-oldrel-macos-arm64, r-oldrel-macos-x86_64