CRAN Package Check Results for Package xslt

Last updated on 2022-06-25 01:49:17 CEST.

Flavor Version Tinstall Tcheck Ttotal Status Flags
r-devel-linux-x86_64-debian-clang 1.4.3 24.52 29.99 54.51 OK
r-devel-linux-x86_64-debian-gcc 1.4.3 19.01 23.88 42.89 OK
r-devel-linux-x86_64-fedora-clang 1.4.3 90.87 OK
r-devel-linux-x86_64-fedora-gcc 1.4.3 80.63 OK
r-devel-windows-x86_64 1.4.3 40.00 83.00 123.00 OK
r-patched-linux-x86_64 1.4.3 21.68 30.09 51.77 OK
r-release-linux-x86_64 1.4.3 21.72 29.58 51.30 OK
r-release-macos-arm64 1.4.3 23.00 OK
r-release-macos-x86_64 1.4.3 32.00 OK
r-release-windows-x86_64 1.4.3 53.00 85.00 138.00 OK
r-oldrel-macos-arm64 1.4.3 31.00 NOTE
r-oldrel-macos-x86_64 1.4.3 46.00 NOTE
r-oldrel-windows-ix86+x86_64 1.4.3 74.00 93.00 167.00 NOTE

Check Details

Version: 1.4.3
Check: installed package size
Result: NOTE
     installed size is 6.8Mb
     sub-directories of 1Mb or more:
     libs 6.6Mb
Flavors: r-oldrel-macos-arm64, r-oldrel-macos-x86_64, r-oldrel-windows-ix86+x86_64