CRAN Package Check Results for Package xyz

Last updated on 2020-05-29 01:50:25 CEST.

Flavor Version Tinstall Tcheck Ttotal Status Flags
r-devel-linux-x86_64-debian-clang 0.2 29.65 53.93 83.58 NOTE
r-devel-linux-x86_64-debian-gcc 0.2 19.79 38.68 58.47 NOTE
r-devel-linux-x86_64-fedora-clang 0.2 106.71 OK
r-devel-linux-x86_64-fedora-gcc 0.2 100.23 OK
r-devel-windows-ix86+x86_64 0.2 66.00 103.00 169.00 NOTE
r-patched-linux-x86_64 0.2 24.04 48.45 72.49 NOTE
r-patched-solaris-x86 0.2 123.10 OK
r-release-linux-x86_64 0.2 22.78 49.39 72.17 NOTE
r-release-osx-x86_64 0.2 OK
r-release-windows-ix86+x86_64 0.2 56.00 167.00 223.00 NOTE
r-oldrel-osx-x86_64 0.2 OK
r-oldrel-windows-ix86+x86_64 0.2 66.00 78.00 144.00 OK

Check Details

Version: 0.2
Check: package vignettes
Result: NOTE
    Package vignette with placeholder title 'Vignette Title':
     'xyz-vignette.Rmd'
Flavors: r-devel-linux-x86_64-debian-clang, r-devel-linux-x86_64-debian-gcc, r-devel-windows-ix86+x86_64, r-patched-linux-x86_64, r-release-linux-x86_64, r-release-windows-ix86+x86_64