CRAN Package Check Results for Package xyz

Last updated on 2019-10-16 02:46:56 CEST.

Flavor Version Tinstall Tcheck Ttotal Status Flags
r-devel-linux-x86_64-debian-clang 0.2 25.31 48.42 73.73 NOTE
r-devel-linux-x86_64-debian-gcc 0.2 18.26 37.65 55.91 NOTE
r-devel-linux-x86_64-fedora-clang 0.2 96.22 OK
r-devel-linux-x86_64-fedora-gcc 0.2 93.57 OK
r-devel-windows-ix86+x86_64 0.2 56.00 103.00 159.00 NOTE
r-patched-linux-x86_64 0.2 19.26 43.55 62.81 OK
r-patched-solaris-x86 0.2 120.20 OK
r-release-linux-x86_64 0.2 19.87 43.92 63.79 OK
r-release-windows-ix86+x86_64 0.2 49.00 102.00 151.00 OK
r-release-osx-x86_64 0.2 OK
r-oldrel-windows-ix86+x86_64 0.2 44.00 71.00 115.00 OK
r-oldrel-osx-x86_64 0.2 OK

Check Details

Version: 0.2
Check: package vignettes
Result: NOTE
    Package vignette with placeholder title 'Vignette Title':
     'xyz-vignette.Rmd'
Flavors: r-devel-linux-x86_64-debian-clang, r-devel-linux-x86_64-debian-gcc, r-devel-windows-ix86+x86_64