CRAN Package Check Results for Package yaImpute

Last updated on 2021-09-22 01:49:19 CEST.

Flavor Version Tinstall Tcheck Ttotal Status Flags
r-devel-linux-x86_64-debian-clang 1.0-32 26.82 61.29 88.11 OK
r-devel-linux-x86_64-debian-gcc 1.0-32 17.21 45.47 62.68 OK
r-devel-linux-x86_64-fedora-clang 1.0-32 128.18 OK
r-devel-linux-x86_64-fedora-gcc 1.0-32 100.09 OK
r-devel-windows-x86_64 1.0-32 30.00 68.00 98.00 OK
r-devel-windows-x86_64-gcc10-UCRT 1.0-32 ERROR
r-patched-linux-x86_64 1.0-32 21.21 57.59 78.80 OK
r-patched-solaris-x86 1.0-32 134.30 OK
r-release-linux-x86_64 1.0-32 19.28 58.00 77.28 OK
r-release-macos-arm64 1.0-32 OK
r-release-macos-x86_64 1.0-32 OK
r-release-windows-ix86+x86_64 1.0-32 60.00 91.00 151.00 OK
r-oldrel-macos-x86_64 1.0-32 OK
r-oldrel-windows-ix86+x86_64 1.0-32 58.00 83.00 141.00 OK

Check Details

Version: 1.0-32
Check: whether package can be installed
Result: ERROR
    Installation failed.
Flavor: r-devel-windows-x86_64-gcc10-UCRT