CRAN Package Check Results for Package yager

Last updated on 2021-12-06 00:48:46 CET.

Flavor Version Tinstall Tcheck Ttotal Status Flags
r-devel-linux-x86_64-debian-clang 0.1.1 3.32 40.26 43.58 NOTE
r-devel-linux-x86_64-debian-gcc 0.1.1 1.77 33.27 35.04 NOTE
r-devel-linux-x86_64-fedora-clang 0.1.1 58.54 NOTE
r-devel-linux-x86_64-fedora-gcc 0.1.1 42.53 NOTE
r-devel-windows-x86_64-new-UL 0.1.1 9.00 71.00 80.00 NOTE
r-devel-windows-x86_64-new-TK 0.1.1 NOTE
r-devel-windows-x86_64-old 0.1.1 6.00 42.00 48.00 NOTE
r-patched-linux-x86_64 0.1.1 3.14 30.46 33.60 NOTE
r-release-linux-x86_64 0.1.1 3.27 38.82 42.09 NOTE
r-release-macos-arm64 0.1.1 NOTE
r-release-macos-x86_64 0.1.1 NOTE
r-release-windows-ix86+x86_64 0.1.1 8.00 57.00 65.00 NOTE
r-oldrel-macos-x86_64 0.1.1 OK
r-oldrel-windows-ix86+x86_64 0.1.1 7.00 59.00 66.00 OK

Check Details

Version: 0.1.1
Check: LazyData
Result: NOTE
     'LazyData' is specified without a 'data' directory
Flavors: r-devel-linux-x86_64-debian-clang, r-devel-linux-x86_64-debian-gcc, r-devel-linux-x86_64-fedora-clang, r-devel-linux-x86_64-fedora-gcc, r-devel-windows-x86_64-new-UL, r-devel-windows-x86_64-new-TK, r-devel-windows-x86_64-old, r-patched-linux-x86_64, r-release-linux-x86_64, r-release-macos-arm64, r-release-macos-x86_64, r-release-windows-ix86+x86_64