CRAN Package Check Results for Package yakmoR

Last updated on 2021-10-22 01:55:24 CEST.

Flavor Version Tinstall Tcheck Ttotal Status Flags
r-devel-linux-x86_64-debian-clang 0.1.1 21.23 29.88 51.11 OK
r-devel-linux-x86_64-debian-gcc 0.1.1 16.25 23.82 40.07 OK
r-devel-linux-x86_64-fedora-clang 0.1.1 87.29 NOTE
r-devel-linux-x86_64-fedora-gcc 0.1.1 66.45 NOTE
r-devel-windows-x86_64 0.1.1 28.00 51.00 79.00 OK
r-devel-windows-x86_64-gcc10-UCRT 0.1.1 OK
r-patched-linux-x86_64 0.1.1 16.91 27.47 44.38 OK
r-patched-solaris-x86 0.1.1 82.10 WARN
r-release-linux-x86_64 0.1.1 19.06 27.70 46.76 OK
r-release-macos-arm64 0.1.1 OK
r-release-macos-x86_64 0.1.1 OK
r-release-windows-ix86+x86_64 0.1.1 38.00 74.00 112.00 OK
r-oldrel-macos-x86_64 0.1.1 OK
r-oldrel-windows-ix86+x86_64 0.1.1 57.00 77.00 134.00 OK

Check Details

Version: 0.1.1
Check: compiled code
Result: NOTE
    File ‘yakmoR/libs/yakmoR.so’:
     Found no calls to: ‘R_registerRoutines’, ‘R_useDynamicSymbols’
    
    It is good practice to register native routines and to disable symbol
    search.
    
    See ‘Writing portable packages’ in the ‘Writing R Extensions’ manual.
Flavors: r-devel-linux-x86_64-fedora-clang, r-devel-linux-x86_64-fedora-gcc

Version: 0.1.1
Check: whether package can be installed
Result: WARN
    Found the following significant warnings:
     yakmo.h:184:1: warning: ISO C++ forbids converting a string constant to ‘char*’ [-Wwrite-strings]
Flavor: r-patched-solaris-x86