Last updated on 2021-04-20 01:47:26 CEST.
Flavor | Version | Tinstall | Tcheck | Ttotal | Status | Flags |
---|---|---|---|---|---|---|
r-devel-linux-x86_64-debian-clang | 0.7.2 | 9.16 | 125.49 | 134.65 | NOTE | |
r-devel-linux-x86_64-debian-gcc | 0.7.2 | 7.58 | 94.05 | 101.63 | NOTE | |
r-devel-linux-x86_64-fedora-clang | 0.7.2 | 163.49 | NOTE | |||
r-devel-linux-x86_64-fedora-gcc | 0.7.2 | 160.41 | NOTE | |||
r-devel-windows-ix86+x86_64 | 0.7.2 | 17.00 | 126.00 | 143.00 | NOTE | |
r-devel-windows-x86_64-gcc10-UCRT | 0.7.2 | NOTE | ||||
r-patched-linux-x86_64 | 0.7.2 | 8.60 | 117.56 | 126.16 | OK | |
r-patched-solaris-x86 | 0.7.2 | 210.10 | OK | |||
r-release-linux-x86_64 | 0.7.2 | 8.79 | 117.58 | 126.37 | OK | |
r-release-macos-x86_64 | 0.7.2 | OK | ||||
r-release-windows-ix86+x86_64 | 0.7.2 | 22.00 | 141.00 | 163.00 | OK | |
r-oldrel-macos-x86_64 | 0.7.2 | OK | ||||
r-oldrel-windows-ix86+x86_64 | 0.7.2 | 15.00 | 162.00 | 177.00 | OK |
Version: 0.7.2
Check: LazyData
Result: NOTE
'LazyData' is specified without a 'data' directory
Flavors: r-devel-linux-x86_64-debian-clang, r-devel-linux-x86_64-debian-gcc, r-devel-linux-x86_64-fedora-clang, r-devel-linux-x86_64-fedora-gcc, r-devel-windows-ix86+x86_64, r-devel-windows-x86_64-gcc10-UCRT