CRAN Package Check Results for Package ymlthis

Last updated on 2020-06-07 01:48:29 CEST.

Flavor Version Tinstall Tcheck Ttotal Status Flags
r-devel-linux-x86_64-debian-clang 0.1.2 4.50 47.85 52.35 OK
r-devel-linux-x86_64-debian-gcc 0.1.2 3.94 37.29 41.23 OK
r-devel-linux-x86_64-fedora-clang 0.1.2 70.30 NOTE
r-devel-linux-x86_64-fedora-gcc 0.1.2 62.97 NOTE
r-devel-windows-ix86+x86_64 0.1.2 18.00 95.00 113.00 OK
r-patched-linux-x86_64 0.1.2 5.00 47.97 52.97 OK
r-patched-solaris-x86 0.1.2 78.60 NOTE
r-release-linux-x86_64 0.1.2 4.04 48.17 52.21 OK
r-release-osx-x86_64 0.1.2 NOTE
r-release-windows-ix86+x86_64 0.1.2 17.00 95.00 112.00 OK
r-oldrel-osx-x86_64 0.1.2 NOTE
r-oldrel-windows-ix86+x86_64 0.1.2 11.00 65.00 76.00 OK

Check Details

Version: 0.1.2
Check: dependencies in R code
Result: NOTE
    Namespaces in Imports field not imported from:
     ‘miniUI’ ‘shinyBS’
     All declared Imports should be used.
Flavors: r-devel-linux-x86_64-fedora-clang, r-devel-linux-x86_64-fedora-gcc, r-patched-solaris-x86, r-release-osx-x86_64, r-oldrel-osx-x86_64