CRAN Package Check Results for Package ypssc

Last updated on 2023-02-07 00:54:34 CET.

Flavor Version Tinstall Tcheck Ttotal Status Flags
r-devel-linux-x86_64-debian-clang 1.1.0 35.96 80.02 115.98 OK
r-devel-linux-x86_64-debian-gcc 1.1.0 32.46 60.07 92.53 OK
r-devel-linux-x86_64-fedora-clang 1.1.0 155.82 NOTE
r-devel-linux-x86_64-fedora-gcc 1.1.0 160.51 NOTE
r-devel-windows-x86_64 1.1.0 43.00 100.00 143.00 OK
r-patched-linux-x86_64 1.1.0 30.76 78.18 108.94 OK
r-release-linux-x86_64 1.1.0 30.01 75.78 105.79 OK
r-release-macos-arm64 1.1.0 66.00 NOTE
r-release-macos-x86_64 1.1.0 106.00 NOTE
r-release-windows-x86_64 1.1.0 46.00 108.00 154.00 OK
r-oldrel-macos-arm64 1.1.0 93.00 NOTE
r-oldrel-macos-x86_64 1.1.0 78.00 NOTE
r-oldrel-windows-ix86+x86_64 1.1.0 73.00 103.00 176.00 OK

Check Details

Version: 1.1.0
Check: dependencies in R code
Result: NOTE
    Namespace in Imports field not imported from: ‘spelling’
     All declared Imports should be used.
Flavors: r-devel-linux-x86_64-fedora-clang, r-devel-linux-x86_64-fedora-gcc, r-release-macos-arm64, r-release-macos-x86_64, r-oldrel-macos-arm64, r-oldrel-macos-x86_64