CRAN Package Check Results for Package ypssc

Last updated on 2024-07-20 07:48:24 CEST.

Flavor Version Tinstall Tcheck Ttotal Status Flags
r-devel-linux-x86_64-debian-clang 1.1.0 31.95 91.11 123.06 OK
r-devel-linux-x86_64-debian-gcc 1.1.0 31.25 65.92 97.17 OK
r-devel-linux-x86_64-fedora-clang 1.1.0 165.85 NOTE
r-devel-linux-x86_64-fedora-gcc 1.1.0 156.45 NOTE
r-devel-windows-x86_64 1.1.0 37.00 77.00 114.00 OK
r-patched-linux-x86_64 1.1.0 35.00 83.30 118.30 OK
r-release-linux-x86_64 1.1.0 26.75 84.03 110.78 OK
r-release-macos-arm64 1.1.0 60.00 OK
r-release-macos-x86_64 1.1.0 86.00 OK
r-release-windows-x86_64 1.1.0 34.00 79.00 113.00 OK
r-oldrel-macos-arm64 1.1.0 62.00 OK
r-oldrel-macos-x86_64 1.1.0 97.00 OK
r-oldrel-windows-x86_64 1.1.0 44.00 91.00 135.00 OK

Check Details

Version: 1.1.0
Check: dependencies in R code
Result: NOTE Namespace in Imports field not imported from: ‘spelling’ All declared Imports should be used. Flavors: r-devel-linux-x86_64-fedora-clang, r-devel-linux-x86_64-fedora-gcc