CRAN Package Check Results for Package yuima

Last updated on 2020-07-07 02:08:40 CEST.

Flavor Version Tinstall Tcheck Ttotal Status Flags
r-devel-linux-x86_64-debian-clang 1.9.6 126.60 191.93 318.53 OK
r-devel-linux-x86_64-debian-gcc 1.9.6 98.64 148.08 246.72 OK
r-devel-linux-x86_64-fedora-clang 1.9.6 520.13 NOTE
r-devel-linux-x86_64-fedora-gcc 1.9.6 516.56 OK
r-devel-windows-ix86+x86_64 1.9.6 202.00 355.00 557.00 NOTE
r-patched-linux-x86_64 1.9.6 113.16 189.77 302.93 OK
r-patched-solaris-x86 1.9.6 517.50 OK
r-release-linux-x86_64 1.9.6 110.86 192.51 303.37 OK
r-release-osx-x86_64 1.9.6 NOTE
r-release-windows-ix86+x86_64 1.9.6 200.00 341.00 541.00 NOTE
r-oldrel-osx-x86_64 1.9.6 NOTE
r-oldrel-windows-ix86+x86_64 1.9.6 224.00 412.00 636.00 OK

Additional issues

rchk

Check Details

Version: 1.9.6
Check: installed package size
Result: NOTE
     installed size is 6.5Mb
     sub-directories of 1Mb or more:
     R 1.9Mb
     libs 3.7Mb
Flavors: r-devel-linux-x86_64-fedora-clang, r-devel-windows-ix86+x86_64, r-release-osx-x86_64, r-release-windows-ix86+x86_64, r-oldrel-osx-x86_64