CRAN Package Check Results for Package zebu

Last updated on 2020-07-06 01:54:22 CEST.

Flavor Version Tinstall Tcheck Ttotal Status Flags
r-devel-linux-x86_64-debian-clang 0.1.2 2.77 54.93 57.70 NOTE
r-devel-linux-x86_64-debian-gcc 0.1.2 2.38 40.56 42.94 NOTE
r-devel-linux-x86_64-fedora-clang 0.1.2 75.57 NOTE
r-devel-linux-x86_64-fedora-gcc 0.1.2 67.93 NOTE
r-devel-windows-ix86+x86_64 0.1.2 12.00 64.00 76.00 NOTE
r-patched-linux-x86_64 0.1.2 2.86 53.35 56.21 NOTE
r-patched-solaris-x86 0.1.2 88.80 NOTE
r-release-linux-x86_64 0.1.2 3.18 53.37 56.55 NOTE
r-release-osx-x86_64 0.1.2 NOTE
r-release-windows-ix86+x86_64 0.1.2 9.00 63.00 72.00 NOTE
r-oldrel-osx-x86_64 0.1.2 OK
r-oldrel-windows-ix86+x86_64 0.1.2 14.00 87.00 101.00 NOTE

Check Details

Version: 0.1.2
Check: dependencies in R code
Result: NOTE
    Missing or unexported object: 'devtools::use_data'
Flavors: r-devel-linux-x86_64-debian-clang, r-devel-linux-x86_64-debian-gcc, r-devel-linux-x86_64-fedora-clang, r-devel-linux-x86_64-fedora-gcc, r-devel-windows-ix86+x86_64, r-patched-linux-x86_64, r-patched-solaris-x86, r-release-linux-x86_64, r-release-osx-x86_64, r-release-windows-ix86+x86_64, r-oldrel-windows-ix86+x86_64

Version: 0.1.2
Check: for non-standard things in the check directory
Result: NOTE
    Found the following files/directories:
     'test.csv'
Flavors: r-devel-linux-x86_64-debian-clang, r-devel-linux-x86_64-debian-gcc, r-devel-linux-x86_64-fedora-clang, r-devel-linux-x86_64-fedora-gcc, r-patched-linux-x86_64, r-patched-solaris-x86, r-release-linux-x86_64