CRAN Package Check Results for Package zen4R

Last updated on 2024-07-18 07:51:02 CEST.

Flavor Version Tinstall Tcheck Ttotal Status Flags
r-devel-linux-x86_64-debian-clang 0.10 18.16 114.74 132.90 OK
r-devel-linux-x86_64-debian-gcc 0.10 12.29 83.33 95.62 OK
r-devel-linux-x86_64-fedora-clang 0.10 176.09 OK
r-devel-linux-x86_64-fedora-gcc 0.10 167.01 OK
r-devel-windows-x86_64 0.10 16.00 109.00 125.00 NOTE
r-patched-linux-x86_64 0.10 24.36 108.30 132.66 OK
r-release-linux-x86_64 0.10 13.40 109.36 122.76 OK
r-release-macos-arm64 0.10 52.00 OK
r-release-macos-x86_64 0.10 137.00 OK
r-release-windows-x86_64 0.10 15.00 108.00 123.00 OK
r-oldrel-macos-arm64 0.10 57.00 OK
r-oldrel-macos-x86_64 0.10 126.00 OK
r-oldrel-windows-x86_64 0.10 20.00 125.00 145.00 OK

Check Details

Version: 0.10
Check: Rd cross-references
Result: NOTE Found the following Rd file(s) with Rd \link{} targets missing package anchors: ZenodoManager.Rd: R6Class ZenodoRecord.Rd: R6Class, DCEntry ZenodoRequest.Rd: R6Class zen4RLogger.Rd: R6Class Please provide package anchors for all Rd \link{} targets not in the package itself and the base packages. Flavor: r-devel-windows-x86_64