CRAN Package Check Results for Package zendeskR

Last updated on 2020-07-11 02:09:38 CEST.

Flavor Version Tinstall Tcheck Ttotal Status Flags
r-devel-linux-x86_64-debian-clang 0.4 3.05 26.16 29.21 NOTE
r-devel-linux-x86_64-debian-gcc 0.4 2.49 21.04 23.53 NOTE
r-devel-linux-x86_64-fedora-clang 0.4 43.49 NOTE
r-devel-linux-x86_64-fedora-gcc 0.4 34.26 NOTE
r-devel-windows-ix86+x86_64 0.4 8.00 52.00 60.00 NOTE
r-patched-linux-x86_64 0.4 2.81 25.95 28.76 NOTE
r-patched-solaris-x86 0.4 55.20 NOTE
r-release-linux-x86_64 0.4 2.93 25.97 28.90 NOTE
r-release-osx-x86_64 0.4 NOTE
r-release-windows-ix86+x86_64 0.4 7.00 53.00 60.00 NOTE
r-oldrel-osx-x86_64 0.4 NOTE
r-oldrel-windows-ix86+x86_64 0.4 5.00 38.00 43.00 NOTE

Check Details

Version: 0.4
Check: DESCRIPTION meta-information
Result: NOTE
    Malformed Description field: should contain one or more complete sentences.
Flavors: r-devel-linux-x86_64-debian-clang, r-devel-linux-x86_64-debian-gcc, r-devel-linux-x86_64-fedora-clang, r-devel-linux-x86_64-fedora-gcc, r-devel-windows-ix86+x86_64, r-patched-linux-x86_64, r-patched-solaris-x86, r-release-linux-x86_64, r-release-osx-x86_64, r-release-windows-ix86+x86_64, r-oldrel-osx-x86_64, r-oldrel-windows-ix86+x86_64