CRAN Package Check Results for Package zendeskR

Last updated on 2020-10-29 00:48:11 CET.

Flavor Version Tinstall Tcheck Ttotal Status Flags
r-devel-linux-x86_64-debian-clang 0.4 3.08 27.56 30.64 NOTE
r-devel-linux-x86_64-debian-gcc 0.4 2.22 21.80 24.02 NOTE
r-devel-linux-x86_64-fedora-clang 0.4 47.15 NOTE
r-devel-linux-x86_64-fedora-gcc 0.4 35.76 NOTE
r-devel-windows-ix86+x86_64 0.4 7.00 38.00 45.00 NOTE
r-patched-linux-x86_64 0.4 2.22 26.46 28.68 NOTE
r-patched-solaris-x86 0.4 56.80 NOTE
r-release-linux-x86_64 0.4 2.83 26.42 29.25 NOTE
r-release-macos-x86_64 0.4 NOTE
r-release-windows-ix86+x86_64 0.4 6.00 34.00 40.00 NOTE
r-oldrel-macos-x86_64 0.4 NOTE
r-oldrel-windows-ix86+x86_64 0.4 5.00 38.00 43.00 NOTE

Check Details

Version: 0.4
Check: DESCRIPTION meta-information
Result: NOTE
    Malformed Description field: should contain one or more complete sentences.
Flavors: r-devel-linux-x86_64-debian-clang, r-devel-linux-x86_64-debian-gcc, r-devel-linux-x86_64-fedora-clang, r-devel-linux-x86_64-fedora-gcc, r-devel-windows-ix86+x86_64, r-patched-linux-x86_64, r-patched-solaris-x86, r-release-linux-x86_64, r-release-macos-x86_64, r-release-windows-ix86+x86_64, r-oldrel-macos-x86_64, r-oldrel-windows-ix86+x86_64