CRAN Package Check Results for Package zoid

Last updated on 2024-04-22 08:51:46 CEST.

Flavor Version Tinstall Tcheck Ttotal Status Flags
r-devel-linux-x86_64-debian-clang 1.3.1 202.47 192.27 394.74 NOTE
r-devel-linux-x86_64-debian-gcc 1.3.1 182.33 155.19 337.52 NOTE
r-devel-linux-x86_64-fedora-clang 1.3.1 388.52 NOTE
r-devel-linux-x86_64-fedora-gcc 1.3.1 419.16 NOTE
r-prerel-macos-arm64 1.3.1 160.00 NOTE
r-prerel-macos-x86_64 1.3.1 316.00 NOTE
r-prerel-windows-x86_64 1.3.1 144.00 212.00 356.00 NOTE
r-patched-linux-x86_64 1.3.1 144.43 195.11 339.54 NOTE
r-release-linux-x86_64 1.3.1 162.73 193.10 355.83 NOTE
r-release-macos-arm64 1.3.1 132.00 NOTE
r-release-macos-x86_64 1.3.1 276.00 NOTE
r-release-windows-x86_64 1.3.1 189.00 263.00 452.00 NOTE
r-oldrel-macos-arm64 1.3.1 131.00 NOTE
r-oldrel-windows-x86_64 1.3.1 177.00 262.00 439.00 NOTE

Check Details

Version: 1.3.1
Check: for GNU extensions in Makefiles
Result: NOTE GNU make is a SystemRequirements. Flavors: r-devel-linux-x86_64-debian-clang, r-devel-linux-x86_64-debian-gcc, r-devel-linux-x86_64-fedora-clang, r-devel-linux-x86_64-fedora-gcc, r-prerel-macos-arm64, r-prerel-macos-x86_64, r-prerel-windows-x86_64, r-patched-linux-x86_64, r-release-linux-x86_64, r-release-macos-arm64, r-release-macos-x86_64, r-release-windows-x86_64, r-oldrel-macos-arm64, r-oldrel-windows-x86_64

Version: 1.3.1
Check: dependencies in R code
Result: NOTE Namespaces in Imports field not imported from: ‘RcppParallel’ ‘rstantools’ All declared Imports should be used. Flavors: r-devel-linux-x86_64-fedora-clang, r-devel-linux-x86_64-fedora-gcc

Version: 1.3.1
Check: Rd cross-references
Result: NOTE Undeclared package ‘loo’ in Rd xrefs Flavor: r-devel-linux-x86_64-fedora-clang

Version: 1.3.1
Check: installed package size
Result: NOTE installed size is 46.7Mb sub-directories of 1Mb or more: libs 46.2Mb Flavors: r-prerel-macos-arm64, r-prerel-macos-x86_64, r-release-macos-arm64, r-release-macos-x86_64, r-oldrel-macos-arm64