CRAN Package Check Results for Package zoltr

Last updated on 2024-04-24 07:57:58 CEST.

Flavor Version Tinstall Tcheck Ttotal Status Flags
r-devel-linux-x86_64-debian-clang 0.5.1 6.34 60.20 66.54 NOTE
r-devel-linux-x86_64-debian-gcc 0.5.1 5.00 46.34 51.34 NOTE
r-devel-linux-x86_64-fedora-clang 0.5.1 85.47 NOTE
r-devel-linux-x86_64-fedora-gcc 0.5.1 115.58 NOTE
r-prerel-macos-arm64 0.5.1 47.00 NOTE
r-prerel-windows-x86_64 0.5.1 7.00 75.00 82.00 NOTE
r-patched-linux-x86_64 0.5.1 3.89 59.74 63.63 NOTE
r-release-linux-x86_64 0.5.1 4.27 56.13 60.40 NOTE
r-release-macos-arm64 0.5.1 44.00 NOTE
r-release-macos-x86_64 0.5.1 74.00 NOTE
r-release-windows-x86_64 0.5.1 8.00 82.00 90.00 NOTE
r-oldrel-macos-arm64 0.5.1 41.00 NOTE
r-oldrel-windows-x86_64 0.5.1 9.00 77.00 86.00 NOTE

Check Details

Version: 0.5.1
Check: LazyData
Result: NOTE 'LazyData' is specified without a 'data' directory Flavors: r-devel-linux-x86_64-debian-clang, r-devel-linux-x86_64-debian-gcc, r-devel-linux-x86_64-fedora-clang, r-devel-linux-x86_64-fedora-gcc, r-prerel-macos-arm64, r-prerel-windows-x86_64, r-patched-linux-x86_64, r-release-linux-x86_64, r-release-macos-arm64, r-release-macos-x86_64, r-release-windows-x86_64, r-oldrel-macos-arm64, r-oldrel-windows-x86_64