CRAN Package Check Results for Package zooaRchGUI

Last updated on 2020-02-28 00:48:13 CET.

Flavor Version Tinstall Tcheck Ttotal Status Flags
r-devel-linux-x86_64-debian-clang 1.0.2 31.25 136.49 167.74 OK
r-devel-linux-x86_64-debian-gcc 1.0.2 27.26 117.66 144.92 OK
r-devel-linux-x86_64-fedora-clang 1.0.2 293.46 OK
r-devel-linux-x86_64-fedora-gcc 1.0.2 194.65 OK
r-devel-windows-ix86+x86_64 1.0.2 57.00 197.00 254.00 OK
r-devel-windows-ix86+x86_64-gcc8 1.0.2 65.00 203.00 268.00 OK
r-patched-linux-x86_64 1.0.2 27.48 125.55 153.03 OK
r-patched-solaris-x86 1.0.2 391.90 OK
r-release-linux-x86_64 1.0.2 26.51 124.29 150.80 OK
r-release-windows-ix86+x86_64 1.0.2 47.00 190.00 237.00 OK
r-release-osx-x86_64 1.0.2 FAIL
r-oldrel-windows-ix86+x86_64 1.0.2 37.00 186.00 223.00 OK
r-oldrel-osx-x86_64 1.0.2 OK

Check Details

Version: 1.0.2
Check: whether package can be installed
Result: FAIL
Flavor: r-release-osx-x86_64