CRAN Package Check Results for Package zooimage

Last updated on 2022-07-26 01:58:27 CEST.

Flavor Version Tinstall Tcheck Ttotal Status Flags
r-devel-linux-x86_64-debian-clang 5.5.2 20.64 105.37 126.01 NOTE
r-devel-linux-x86_64-debian-gcc 5.5.2 16.24 86.73 102.97 NOTE
r-devel-linux-x86_64-fedora-clang 5.5.2 159.27 NOTE
r-devel-linux-x86_64-fedora-gcc 5.5.2 192.33 NOTE
r-devel-windows-x86_64 5.5.2 61.00 111.00 172.00 NOTE
r-patched-linux-x86_64 5.5.2 20.04 99.06 119.10 OK
r-release-linux-x86_64 5.5.2 20.94 98.72 119.66 OK
r-release-macos-arm64 5.5.2 45.00 OK
r-release-macos-x86_64 5.5.2 84.00 OK
r-release-windows-x86_64 5.5.2 56.00 148.00 204.00 OK
r-oldrel-macos-arm64 5.5.2 55.00 OK
r-oldrel-macos-x86_64 5.5.2 85.00 OK
r-oldrel-windows-ix86+x86_64 5.5.2 40.00 147.00 187.00 OK

Check Details

Version: 5.5.2
Check: Rd files
Result: NOTE
    checkRd: (-1) ZIClass.Rd:87: Escaped LaTeX specials: \_
    checkRd: (-1) ZITrain.Rd:72: Escaped LaTeX specials: \_
    checkRd: (-1) ZITrain.Rd:74: Escaped LaTeX specials: \_
    checkRd: (-1) zid.Rd:45: Escaped LaTeX specials: \_
    checkRd: (-1) zim.Rd:63: Escaped LaTeX specials: \_
Flavors: r-devel-linux-x86_64-debian-clang, r-devel-linux-x86_64-debian-gcc, r-devel-linux-x86_64-fedora-clang, r-devel-linux-x86_64-fedora-gcc, r-devel-windows-x86_64